MONTHLY CLIMATOLOGICAL SUMMARY for SEP. 2020

NAME: Nicks   CITY: Port Alberni STATE: B.C.
ELEV: 115 LAT: 49:15:06 LONG: 124:47:19

                            TEMPERATURE ( C), RAIN (mm), WIND SPEED (kmh)

                                               HEAT     COOL           AVG
      MEAN                                     DEG      DEG            WIND                       DOM
DAY   TEMP    HIGH   TIME     LOW    TIME      DAYS     DAYS    RAIN   SPEED    HIGH    TIME      DIR
----------------------------------------------------------------------------------------------------------------------------------------------------------
01    18.2    25.2   16:06    12.6   04:13     00.1     00.0    00.0   00.7     09.3    17:41      E 
02    18.7    24.0   16:27    14.7   06:53     00.0     00.4    00.0   00.6     11.1    07:23     ESE
03    19.5    26.2   17:00    13.1   07:41     00.0     01.2    00.0   00.8     12.9    18:16     NNW
04    18.9    26.6   14:54    14.3   23:57     00.0     00.6    00.0   00.6     11.1    17:05      N 
05    17.2    21.3   16:15    13.5   01:53     01.1     00.0    00.0   00.7     11.1    21:46     ENE
06    18.6    25.2   16:00    13.3   04:41     00.0     00.3    00.0   00.5     07.4    20:49     SSE
07    20.9    26.6   16:46    14.8   07:16     00.0     02.6    00.0   02.8     27.8    12:32      N 
08    19.7    27.3   15:58    12.4   07:41     00.0     01.4    00.0   01.9     25.9    17:40     NNE
09    20.1    29.9   18:40    12.4   07:36     00.0     01.8    00.0   00.8     12.9    17:26      N 
10    21.1    29.7   16:11    13.8   07:12     00.0     02.8    00.0   00.3     05.5    20:32     NNW
11    17.8    22.7   15:25    13.6   07:50     00.5     00.0    00.0   00.7     12.9    14:08     ENE
12    14.7    16.4   15:29    13.3   01:31     03.6     00.0    00.0   00.5     09.3    21:31      S 
13    14.5    16.9   17:06    12.7   07:03     03.8     00.0    00.0   00.3     11.1    03:23      S 
14    15.2    17.9   14:40    12.6   08:00     03.1     00.0    05.8   00.5     12.9    13:35      N 
15    16.4    19.8   16:23    14.2   05:00     01.9     00.0    01.0   00.4     11.1    16:48      N 
16    17.8    21.1   17:15    14.9   07:16     00.5     00.0    00.6   00.2     07.4    21:18     NNE
17    18.0    21.4   16:24    15.5   00:00     00.3     00.0    00.0   00.1     07.4    12:19     ESE
18    16.7    18.9   17:49    15.2   04:02     01.6     00.0    00.4   00.5     16.6    22:36     ENE
19    16.9    19.4   12:08    13.8   23:59     01.4     00.0    00.0   02.9     22.2    15:49      S 
20    16.1    21.1   14:28    12.5   07:36     02.2     00.0    00.0   00.7     24.1    15:48      S 
21    14.1    18.5   13:56    10.9   05:23     04.2     00.0    00.4   00.5     05.5    23:55     SSE
22    14.5    19.4   13:42    11.4   08:28     03.8     00.0    02.2   00.7     16.6    15:47      S 
23    14.0    17.7   14:08    12.2   06:51     04.3     00.0    23.2   02.9     33.3    14:07      N 
24    13.8    16.3   12:54    11.6   07:09     04.5     00.0    21.6   03.0     31.4    23:51     SSE
25    14.0    17.0   11:46    10.6   23:59     04.3     00.0    23.4   05.3     31.4    03:10     SSE
26    12.3    16.3   13:48    10.1   00:57     06.0     00.0    00.6   01.2     22.2    15:18      S 
27    13.4    16.9   15:40    10.8   06:07     04.9     00.0    00.0   00.3     07.4    13:36     NNE
28    15.1    20.7   16:38    10.9   07:02     03.2     00.0    00.0   00.6     11.1    16:28     NNE
29    15.6    22.1   16:47    11.8   04:25     02.7     00.0    00.0   00.0     00.0    00:00      NE
30    15.6    20.9   17:22    12.7   08:05     02.7     00.0    00.0   00.0     01.9    05:09     NNE
----------------------------------------------------------------------------------------------------------------------------------------------------------
16.7 (17.2)   29.9  day 09     10.1  day 26   060.7    011.2   079.4   01.0     33.3   day 25     ENE
Max >=  20: 17
Max Rain: 23.4 ON 25-09-20
Days of Rain: 10 (> .2mm) 5 (> 2mm) 3 (> 20mm)