MONTHLY CLIMATOLOGICAL SUMMARY for AUG. 2020

NAME: Nicks   CITY: Port Alberni STATE: B.C.
ELEV: 115 LAT: 49:15:06 LONG: 124:47:19

                            TEMPERATURE ( C), RAIN (mm), WIND SPEED (kmh)

                                               HEAT     COOL           AVG
      MEAN                                     DEG      DEG            WIND                       DOM
DAY   TEMP    HIGH   TIME     LOW    TIME      DAYS     DAYS    RAIN   SPEED    HIGH    TIME      DIR
----------------------------------------------------------------------------------------------------------------------------------------------------------
01    19.3    25.9   15:35    13.4   06:32     00.0     01.0    00.0   01.5     20.4    17:01      SE
02    17.6    20.6   13:22    14.3   06:04     00.7     00.0    00.2   01.5     22.2    11:12      SE
03    19.6    24.2   16:04    15.2   05:49     00.0     01.3    00.6   01.3     24.1    14:12      N 
04    20.5    27.4   15:35    14.1   05:51     00.0     02.2    00.0   01.0     16.6    17:44     ENE
05    19.0    26.4   12:27    13.2   06:53     00.0     00.7    00.0   02.8     31.4    17:09      E 
06    16.5    19.2   16:36    13.8   06:51     01.8     00.0    01.6   03.8     29.6    17:07      SE
07    15.5    17.4   16:02    13.9   02:59     02.8     00.0    00.0   02.2     18.5    15:07     SSE
08    17.3    22.0   15:40    13.1   02:58     01.0     00.0    00.0   02.4     22.2    15:00      N 
09    18.3    25.4   17:28    10.8   06:49     00.0     00.0    00.0   01.0     12.9    17:41      E 
10    19.7    25.7   16:08    13.7   05:34     00.0     01.4    00.0   02.3     18.5    14:31      N 
11    16.5    22.8   13:08    11.9   23:57     01.8     00.0    00.0   02.1     25.9    15:57     NNE
12    15.4    21.7   17:32    10.0   05:34     02.9     00.0    00.0   01.0     18.5    18:47      E 
13    16.1    22.8   15:28    09.6   06:32     02.2     00.0    00.0   01.5     22.2    16:08      NE
14    18.5    26.0   16:14    10.8   06:37     00.0     00.2    00.0   00.9     11.1    14:31      NE
15    21.9    29.9   17:09    14.1   07:00     00.0     03.6    00.0   01.6     18.5    17:41     NNE
16    23.9    33.3   15:26    15.4   07:08     00.0     05.6    00.0   01.4     22.2    16:00      NW
17    22.0    27.1   14:42    17.0   00:00     00.0     03.7    00.0   02.0     20.4    10:52      SE
18    19.4    23.2   17:04    15.3   03:30     00.0     01.1    00.0   02.5     24.1    08:58      NE
19    18.7    23.6   14:51    15.1   00:00     00.0     00.4    01.2   01.0     22.2    15:31      NE
20    16.5    17.8   17:49    14.9   02:25     01.8     00.0    35.4   00.2     11.1    05:43      SE
21    16.4    19.4   14:36    14.2   00:00     01.9     00.0    08.0   03.2     31.4    13:35      SE
22    15.9    20.6   17:26    11.2   06:54     02.4     00.0    00.0   00.7     12.9    14:41     ESE
23    16.5    22.1   16:28    12.1   03:46     01.8     00.0    00.0   00.5     07.4    19:42      E 
24    17.6    22.9   16:18    12.4   07:23     00.7     00.0    00.0   01.0     12.9    14:25     ESE
25    17.4    24.1   14:56    11.5   07:08     00.9     00.0    00.0   01.2     18.5    18:07     ESE
26    17.3    23.8   15:28    11.5   06:37     01.0     00.0    00.0   00.8     14.8    19:24      NE
27    17.6    24.2   16:22    11.6   07:35     00.7     00.0    00.0   00.9     18.5    17:55     ENE
28    17.1    24.1   17:03    11.7   05:28     01.2     00.0    00.0   01.1     20.4    16:50     ESE
29    17.7    22.3   12:19    13.1   07:33     00.6     00.0    00.0   01.8     18.5    17:11     NNE
30    14.0    21.6   12:41    09.2   07:42     04.3     00.0    01.8   00.7     16.6    14:42      NE
31    16.0    21.7   17:44    11.1   07:16     02.3     00.0    00.0   00.7     11.1    13:55      SE
----------------------------------------------------------------------------------------------------------------------------------------------------------
17.9 (18.2)   33.3  day 16     09.2  day 30   032.8    021.3   048.8   01.5     31.5   day 11      E 
Max >=  20: 27
Min <=   10: 3
Max Rain: 35.4 ON 20-08-20
Days of Rain: 7 (> .2mm) 2 (> 2mm) 1 (> 20mm)