MONTHLY CLIMATOLOGICAL SUMMARY for AUG. 2017

NAME: Nicks   CITY: Port Alberni STATE: B.C.
ELEV: 115 LAT: 49:15:06 LONG: 124:47:19

                            TEMPERATURE ( C), RAIN (mm), WIND SPEED (kmh)

                                               HEAT     COOL           AVG
      MEAN                                     DEG      DEG            WIND                       DOM
DAY   TEMP    HIGH   TIME     LOW    TIME      DAYS     DAYS    RAIN   SPEED    HIGH    TIME      DIR
----------------------------------------------------------------------------------------------------------------------------------------------------------
01    24.0    32.2   16:18    14.3   06:22     00.0     05.7    00.0   02.8     22.2    17:33     NNE
02    25.8    34.1   16:52    17.1   06:49     00.0     07.5    00.0   03.1     20.4    18:07     NNE
03    26.4    35.4   14:10    18.0   07:28     00.0     08.1    00.0   02.6     25.9    16:54     NNE
04    24.6    33.4   15:46    17.8   06:22     00.0     06.3    00.0   02.1     14.8    15:05     NNW
05    19.5    25.4   16:38    14.7   06:36     00.0     01.2    00.0   02.2     16.6    17:07     ENE
06    20.3    28.1   16:25    13.8   06:03     00.0     02.0    00.0   01.3     12.9    15:08     SSW
07    21.6    30.4   14:14    14.3   06:51     00.0     03.3    00.0   01.5     12.9    15:14      W 
08    22.3    31.1   15:49    15.0   06:55     00.0     04.0    00.0   01.5     14.8    14:30      NW
09    22.2    30.3   16:03    15.2   06:55     00.0     03.9    00.0   01.4     14.8    14:44      NW
10    21.8    30.1   16:16    14.8   06:28     00.0     03.5    00.0   01.4     14.8    17:02      NW
11    18.6    26.8   14:52    12.4   06:57     00.0     00.3    00.0   01.9     18.5    16:33      N 
12    17.2    24.8   13:13    13.6   06:38     01.1     00.0    01.4   03.4     31.4    16:31     ENE
13    17.1    22.1   14:43    13.3   23:59     01.2     00.0    00.4   04.0     42.5    15:23     ESE
14    16.3    22.7   15:15    10.7   05:16     02.0     00.0    00.0   02.1     18.5    13:38      E 
15    18.4    26.2   13:50    11.2   07:15     00.0     00.1    00.0   02.2     18.5    17:34      SE
16    18.4    25.4   12:50    13.3   05:44     00.0     00.1    00.0   03.4     31.4    15:47     SSE
17    18.0    24.4   14:43    13.2   03:35     00.3     00.0    00.0   02.9     31.4    16:33     SSE
18    17.5    23.4   14:49    12.5   04:58     00.8     00.0    00.0   04.0     33.3    13:35      NE
19    17.7    24.5   13:32    11.5   06:12     00.6     00.0    00.0   02.5     18.5    19:28     NNE
20    18.7    25.5   13:16    13.1   06:35     00.0     00.4    00.0   02.1     18.5    16:17     NNE
21    20.6    28.1   15:56    13.4   06:31     00.0     02.3    00.0   02.4     24.1    16:52      NE
22    21.9    30.8   12:50    15.5   07:01     00.0     03.6    00.0   03.6     42.5    19:37      SE
23    18.2    23.8   15:04    13.8   23:57     00.1     00.0    00.0   04.1     33.3    22:21     SSE
24    15.9    22.3   15:40    10.4   06:55     02.4     00.0    00.0   03.8     27.8    17:42     ENE
25    17.1    24.1   13:43    11.5   03:03     01.2     00.0    00.0   01.9     16.6    17:04      NE
26    18.8    27.0   15:23    11.1   07:26     00.0     00.5    00.0   01.9     16.6    16:54     WNW
27    22.6    31.2   15:49    13.9   07:28     00.0     04.3    00.0   02.8     25.9    16:03     NNE
28    24.3    32.9   14:58    15.7   07:17     00.0     06.0    00.0   02.5     20.4    15:21      N 
29    21.1    29.4   13:12    15.2   07:09     00.0     02.8    00.0   02.9     27.8    16:09     NNW
30    18.7    23.6   15:22    15.5   07:19     00.0     00.4    00.0   03.9     27.8    14:09      N 
31    18.9    25.1   14:23    14.4   06:40     00.0     00.6    00.0   02.3     18.5    17:23     NNE
----------------------------------------------------------------------------------------------------------------------------------------------------------
20.1 (20.7)   35.4  day 03     10.4  day 24   009.8    067.1   001.8   02.6     42.6   day 18     NNE
Max >=  20: 31
Max Rain: 1.4 ON 12-08-17
Days of Rain: 2 (> .2mm) 0 (> 2mm) 0 (> 20mm)