MONTHLY CLIMATOLOGICAL SUMMARY for JUL. 2020

NAME: Nicks   CITY: Port Alberni STATE: B.C.
ELEV: 115 LAT: 49:15:06 LONG: 124:47:19

                            TEMPERATURE ( C), RAIN (mm), WIND SPEED (kmh)

                                               HEAT     COOL           AVG
      MEAN                                     DEG      DEG            WIND                       DOM
DAY   TEMP    HIGH   TIME     LOW    TIME      DAYS     DAYS    RAIN   SPEED    HIGH    TIME      DIR
----------------------------------------------------------------------------------------------------------------------------------------------------------
01    15.3    19.7   14:40    11.7   04:20     03.0     00.0    00.0   00.0     00.0    00:00      N 
02    13.8    17.0   13:20    11.8   23:59     04.5     00.0    00.0   00.0     00.0    00:00      N 
03    12.1    14.3   14:19    10.2   06:27     06.2     00.0    04.0   00.0     00.0    00:00      N 
04    14.7    18.8   15:03    11.2   05:59     03.6     00.0    00.0   00.0     00.0    00:00      N 
05    16.5    22.7   13:41    10.3   06:30     01.8     00.0    00.0   00.0     00.0    00:00      N 
06    14.8    18.4   12:07    10.7   04:17     03.5     00.0    00.0   00.0     00.0    00:00      N 
07    15.3    19.0   15:20    12.7   07:13     03.0     00.0    00.0   00.0     00.0    00:00      N 
08    15.3    19.1   11:32    12.0   05:56     03.0     00.0    02.6   00.0     00.0    00:00      N 
09    15.4    19.5   13:02    12.8   04:52     02.9     00.0    00.4   00.0     00.0    00:00      N 
10    16.3    20.9   12:57    13.4   06:06     02.0     00.0    00.0   00.0     00.0    00:00      N 
11    14.7    18.1   13:22    12.2   06:12     03.6     00.0    00.4   01.4     25.9    18:07      N 
12    15.7    20.4   12:14    12.1   04:49     02.6     00.0    00.0   02.2     29.6    15:44      NE
13    16.4    23.3   13:22    09.4   05:37     01.9     00.0    00.0   01.1     12.9    15:58     NNE
14    18.7    26.1   14:40    10.8   05:55     00.0     00.4    00.0   01.3     18.5    15:33     ENE
15    20.6    27.7   15:51    13.0   06:28     00.0     02.3    00.0   01.2     14.8    20:03      NE
16    18.7    22.6   12:24    15.3   06:04     00.0     00.4    00.0   03.2     27.8    14:22      NE
17    18.5    23.8   16:53    14.1   06:13     00.0     00.2    00.0   01.1     12.9    19:54     NNE
18    20.2    27.2   13:04    12.4   06:15     00.0     01.9    00.0   01.8     24.1    15:04      NE
19    21.9    27.4   17:51    15.6   06:40     00.0     03.6    00.0   02.4     18.5    18:39      N 
20    23.3    31.0   16:48    15.7   06:41     00.0     05.0    00.0   01.1     18.5    15:44     NNE
21    21.1    27.7   14:10    15.8   23:59     00.0     02.8    00.0   02.0     24.1    15:54     NNE
22    18.9    24.2   14:02    14.7   05:03     00.0     00.6    00.0   01.7     25.9    14:44      NE
23    17.2    22.8   12:22    14.6   04:26     01.1     00.0    00.0   03.0     24.1    17:33      E 
24    17.7    22.2   13:11    14.2   04:55     00.6     00.0    00.0   02.3     24.1    14:42     ESE
25    18.3    24.8   15:52    11.2   06:41     00.0     00.0    00.0   01.1     11.1    15:36      N 
26    21.9    30.0   16:21    13.4   06:30     00.0     03.6    00.0   01.6     16.6    15:22      N 
27    23.5    32.5   15:31    15.1   06:35     00.0     05.2    00.0   01.7     22.2    17:20     ESE
28    19.9    26.4   14:36    14.6   06:58     00.0     01.6    00.0   01.6     18.5    12:01      NE
29    19.7    28.1   16:09    12.3   06:16     00.0     01.4    00.0   00.9     12.9    18:11      E 
30    22.5    31.9   16:46    13.9   06:33     00.0     04.2    00.0   00.9     11.1    17:47      N 
31    19.2    24.1   15:58    15.5   00:00     00.0     00.9    00.0   03.0     33.3    19:46      NE
----------------------------------------------------------------------------------------------------------------------------------------------------------
18.0 (18.3)   32.5  day 27     09.4  day 13   043.4    034.0   007.4   01.2     33.3   day 31     NNE
Max >=  20: 22
Min <=   10: 1
Max Rain: 4.0 ON 3-07-20
Days of Rain: 4 (> .2mm) 2 (> 2mm) 0 (> 20mm)