MONTHLY CLIMATOLOGICAL SUMMARY for JUN. 2020

NAME: Nicks   CITY: Port Alberni STATE: B.C.
ELEV: 115 LAT: 49:15:06 LONG: 124:47:19

                            TEMPERATURE ( C), RAIN (mm), WIND SPEED (kmh)

                                               HEAT     COOL           AVG
      MEAN                                     DEG      DEG            WIND                       DOM
DAY   TEMP    HIGH   TIME     LOW    TIME      DAYS     DAYS    RAIN   SPEED    HIGH    TIME      DIR
----------------------------------------------------------------------------------------------------------------------------------------------------------
01    14.1    19.1   13:35    08.6   07:00     04.2     00.0    00.0   02.3     20.4    16:11     SSE
02    11.8    15.3   16:01    09.6   07:36     06.5     00.0    01.8   01.8     27.8    15:25      SE
03    14.0    19.7   12:44    09.4   03:13     04.3     00.0    00.0   01.8     20.4    19:00     SSE
04    13.5    17.4   12:51    09.8   03:56     04.8     00.0    01.2   01.5     18.5    18:07     SSE
05    12.4    17.2   13:24    09.1   00:00     05.9     00.0    03.8   01.0     12.9    14:49     ESE
06    11.3    16.4   14:07    08.2   04:42     07.0     00.0    02.8   01.1     18.5    15:11      NE
07    12.6    19.4   15:13    08.7   01:05     05.7     00.0    05.0   01.4     22.2    16:27      NE
08    12.4    15.9   15:32    09.3   01:27     05.9     00.0    00.2   03.2     22.2    16:43     SSE
09    11.9    15.7   17:35    09.2   07:10     06.4     00.0    12.8   01.2     18.5    18:23     NNE
10    14.8    18.3   14:13    11.8   06:29     03.5     00.0    00.0   00.4     12.9    13:55     NNE
11    14.8    18.9   15:39    11.8   02:55     03.5     00.0    00.0   00.0     00.0    00:00      N 
12    13.4    16.7   12:56    10.9   23:33     04.9     00.0    02.6   00.0     00.0    00:00      N 
13    11.8    16.7   12:28    08.8   06:00     06.5     00.0    10.2   00.0     00.0    00:00      N 
14    12.6    16.6   14:49    08.9   04:08     05.7     00.0    00.0   00.0     00.0    00:00      N 
15    11.6    14.4   16:33    09.9   04:55     06.7     00.0    03.8   00.0     00.0    00:00      N 
16    14.2    20.0   17:59    08.1   03:50     04.1     00.0    00.0   00.0     00.0    00:00      N 
17    16.0    22.9   13:14    09.2   06:16     02.3     00.0    00.0   00.0     00.0    00:00      N 
18    17.6    25.2   17:41    10.3   04:28     00.7     00.0    00.0   00.0     00.0    00:00      N 
19    18.5    24.7   13:50    14.8   05:07     00.0     00.2    01.0   00.0     00.0    00:00      N 
20    17.2    21.2   14:55    14.7   06:30     01.1     00.0    01.6   00.0     00.0    00:00      N 
21    15.5    18.6   13:45    12.8   23:56     02.8     00.0    00.0   00.0     00.0    00:00      N 
22    15.2    19.7   16:26    11.3   02:46     03.1     00.0    00.0   00.0     00.0    00:00      N 
23    17.1    23.8   12:59    13.6   02:54     01.2     00.0    08.4   00.0     00.0    00:00      N 
24    18.3    22.8   17:59    15.2   00:00     00.0     00.0    04.2   00.0     00.0    00:00      N 
25    20.0    25.6   15:44    14.2   02:24     00.0     01.7    00.0   00.0     00.0    00:00      N 
26    16.8    20.4   11:34    14.2   23:59     01.5     00.0    00.4   00.0     00.0    00:00      N 
27    15.3    19.7   13:17    12.5   23:59     03.0     00.0    00.2   00.0     00.0    00:00      N 
28    18.3    25.3   18:17    10.8   05:23     00.0     00.0    00.0   00.0     00.0    00:00      N 
29    19.1    27.6   13:37    12.2   06:25     00.0     00.8    00.0   00.0     00.0    00:00      N 
30    16.6    21.8   13:33    13.3   06:30     01.7     00.0    00.0   00.0     00.0    00:00      N 
----------------------------------------------------------------------------------------------------------------------------------------------------------
15.0 (15.5)   27.6  day 29     08.1  day 16   103.1    002.7   060.2   00.5     27.8   day 03     N
Max >=  20: 12
Min <=   10: 14
Max Rain: 12.8 ON 9-06-20
Days of Rain: 16 (> .2mm) 9 (> 2mm) 0 (> 20mm)