MONTHLY CLIMATOLOGICAL SUMMARY for MAY. 2020

NAME: Nicks   CITY: Port Alberni STATE: B.C.
ELEV: 115 LAT: 49:15:06 LONG: 124:47:19

                            TEMPERATURE ( C), RAIN (mm), WIND SPEED (kmh)

                                               HEAT     COOL           AVG
      MEAN                                     DEG      DEG            WIND                       DOM
DAY   TEMP    HIGH   TIME     LOW    TIME      DAYS     DAYS    RAIN   SPEED    HIGH    TIME      DIR
----------------------------------------------------------------------------------------------------------------------------------------------------------
01    10.5    17.2   14:09    04.7   06:34     07.8     00.0    00.6   01.2     16.6    15:41      SE
02    09.2    11.6   14:24    06.1   23:59     09.1     00.0    09.0   02.1     44.4    15:52     ESE
03    07.5    10.9   17:18    04.9   06:22     10.8     00.0    08.6   01.1     18.5    19:14     NNE
04    07.1    12.3   15:22    03.2   03:16     11.2     00.0    02.0   00.5     11.1    15:35     ENE
05    10.7    17.5   18:12    03.9   04:54     07.6     00.0    00.2   02.2     24.1    23:23      NE
06    10.9    15.8   12:44    06.8   00:00     07.4     00.0    00.4   03.7     24.1    15:42     SSE
07    11.2    18.1   15:52    03.8   05:35     07.1     00.0    00.0   02.6     22.2    17:12      N 
08    15.4    23.5   12:49    06.2   06:17     02.9     00.0    00.0   03.4     27.8    16:52      N 
09    17.9    25.8   16:55    08.7   06:38     00.4     00.0    00.0   02.5     31.4    13:01     NNE
10    19.1    26.7   14:42    10.7   06:35     00.0     00.8    00.0   02.4     25.9    17:03     NNE
11    14.9    18.2   17:20    10.9   23:55     03.4     00.0    02.4   01.2     22.2    21:38      NE
12    12.1    14.7   13:36    10.4   05:42     06.2     00.0    14.0   00.3     07.4    20:25     ENE
13    12.6    16.2   11:54    09.9   05:15     05.7     00.0    00.2   02.2     27.8    13:34     ESE
14    11.6    18.0   13:02    06.7   06:36     06.7     00.0    01.0   01.3     25.9    14:53     ENE
15    12.8    18.9   14:53    06.9   06:23     05.5     00.0    00.0   01.5     20.4    15:06      N 
16    11.5    12.6   15:11    09.9   06:49     06.8     00.0    16.2   00.0     05.5    12:17     ESE
17    14.1    18.7   16:31    10.3   23:56     04.2     00.0    01.2   01.1     20.4    12:56     NNE
18    14.2    20.8   14:01    07.8   04:41     04.1     00.0    00.0   01.2     18.5    17:54     NNE
19    14.3    20.8   16:20    09.3   04:31     04.0     00.0    00.0   01.3     18.5    16:32      NE
20    13.2    17.1   15:15    10.3   00:00     05.1     00.0    00.0   04.7     31.4    14:33     SSE
21    11.4    15.4   12:45    08.1   00:00     06.9     00.0    00.4   01.3     16.6    15:14     SSE
22    11.0    16.5   15:39    05.7   06:03     07.3     00.0    00.2   02.5     22.2    20:59     NNE
23    12.6    16.8   15:07    09.7   00:00     05.7     00.0    00.2   02.0     22.2    13:26     ESE
24    11.5    14.3   14:43    09.3   06:34     06.8     00.0    03.8   00.3     07.4    14:04     ESE
25    13.4    17.6   14:54    11.3   05:22     04.9     00.0    02.0   01.5     18.5    15:59      E 
26    15.1    20.5   16:19    10.7   06:15     03.2     00.0    00.0   01.3     16.6    16:58      N 
27    16.4    22.8   17:11    08.1   06:22     01.9     00.0    00.0   02.1     18.5    17:22      N 
28    19.3    26.1   15:12    13.0   06:00     00.0     01.0    00.0   00.8     14.8    14:38     NNE
29    18.3    25.4   14:53    12.1   06:13     00.0     00.0    00.0   01.1     14.8    14:57     ENE
30    15.1    19.3   13:52    11.3   23:59     03.2     00.0    00.0   01.8     22.2    21:47     NNE
31    13.0    16.7   14:15    10.4   00:00     05.3     00.0    00.0   04.2     25.9    16:29      SE
----------------------------------------------------------------------------------------------------------------------------------------------------------
13.2 (13.4)   26.7  day 10     03.2  day 04   161.3    001.8   062.4   01.8     44.4   day 02      NE
Max >=  20: 9
Min <=   10: 20
Max Rain: 16.2 ON 16-05-20
Days of Rain: 17 (> .2mm) 6 (> 2mm) 0 (> 20mm)