MONTHLY CLIMATOLOGICAL SUMMARY for MAY. 2019

NAME: Nicks   CITY: Port Alberni STATE: B.C.
ELEV: 115 LAT: 49:15:06 LONG: 124:47:19

                            TEMPERATURE ( C), RAIN (mm), WIND SPEED (kmh)

                                               HEAT     COOL           AVG
      MEAN                                     DEG      DEG            WIND                       DOM
DAY   TEMP    HIGH   TIME     LOW    TIME      DAYS     DAYS    RAIN   SPEED    HIGH    TIME      DIR
----------------------------------------------------------------------------------------------------------------------------------------------------------
01    11.0    17.6   12:49    04.8   06:31     07.3     00.0    00.0   03.1     27.8    21:46      N 
02    11.1    14.8   13:49    08.2   04:01     07.2     00.0    00.0   03.7     27.8    18:19      SW
03    13.1    18.9   13:21    08.3   06:27     05.2     00.0    00.0   01.8     22.2    15:47      NE
04    13.7    20.4   15:52    06.6   06:35     04.6     00.0    00.0   01.1     12.9    19:12     SSE
05    14.7    20.9   17:38    07.3   06:16     03.6     00.0    00.0   02.1     22.2    17:58      NE
06    16.2    23.4   13:10    08.4   06:18     02.1     00.0    00.0   01.7     20.4    15:28      NE
07    16.3    22.6   16:55    09.1   06:32     02.0     00.0    00.0   02.3     18.5    17:09     NNE
08    17.8    23.9   16:42    10.1   06:07     00.5     00.0    00.0   02.8     25.9    16:46     NNE
09    19.7    27.7   13:11    11.2   06:55     00.0     01.4    00.0   02.1     18.5    17:38     NNE
10    20.3    28.7   16:07    11.2   06:30     00.0     02.0    00.0   00.9     12.9    18:14     ENE
11    18.2    27.0   16:16    11.8   23:59     00.1     00.0    00.0   01.2     18.5    16:58     ENE
12    15.0    21.0   16:17    10.9   23:58     03.3     00.0    00.0   01.3     18.5    16:39     ENE
13    13.0    17.7   16:41    08.8   03:53     05.3     00.0    00.0   01.1     14.8    14:51      NE
14    10.7    12.8   17:26    08.2   08:14     07.6     00.0    13.0   01.0     25.9    17:51      E 
15    13.4    18.8   15:07    07.6   05:02     04.9     00.0    02.0   02.6     22.2    13:45      N 
16    14.0    17.6   15:23    11.9   05:04     04.3     00.0    00.4   00.8     18.5    21:09      E 
17    12.2    15.7   13:36    09.9   23:03     06.1     00.0    00.0   04.2     25.9    07:42      S 
18    14.0    19.4   16:26    09.1   06:06     04.3     00.0    00.0   02.3     20.4    16:08     NNE
19    15.3    22.4   15:02    09.1   05:52     03.0     00.0    00.0   01.5     20.4    18:51     ESE
20    13.6    16.7   13:42    10.5   01:46     04.7     00.0    00.0   02.6     22.2    13:12      S 
21    15.9    21.8   17:10    10.1   06:57     02.4     00.0    00.0   01.5     16.6    18:20      N 
22    18.3    25.6   15:14    10.3   06:23     00.0     00.0    00.0   01.5     16.6    16:58      NE
23    18.7    26.8   13:10    11.2   06:45     00.0     00.4    00.0   01.5     18.5    16:51      NE
24    15.6    19.9   15:24    10.8   05:39     02.7     00.0    00.0   02.4     22.2    11:21     NNE
25    14.3    18.3   16:51    11.7   10:06     04.0     00.0    00.0   02.9     20.4    15:26     NNE
26    18.7    27.3   18:01    09.4   05:31     00.0     00.4    00.0   01.8     18.5    18:19      N 
27    19.6    28.6   13:20    12.3   06:02     00.0     01.3    00.0   01.2     18.5    16:35      NE
28    17.0    24.6   15:49    11.9   02:54     01.3     00.0    00.0   01.1     22.2    18:15      E 
29    17.2    24.6   14:27    11.7   02:10     01.1     00.0    00.0   01.2     16.6    21:37      NE
30    17.9    26.3   14:34    10.3   05:33     00.4     00.0    00.0   01.0     16.6    14:28      W 
31    18.0    26.4   16:00    11.3   05:47     00.3     00.0    00.0   01.2     12.9    17:41      NW
----------------------------------------------------------------------------------------------------------------------------------------------------------
15.6 (15.8)   28.7  day 10     04.8  day 01   088.4    005.5   015.4   01.9     27.8   day 25     NNE
Max >=  20: 19
Min <=   10: 14
Max Rain: 13.0 ON 14-05-20
Days of Rain: 3 (> .2mm) 1 (> 2mm) 0 (> 20mm)