MONTHLY CLIMATOLOGICAL SUMMARY for APR. 2019

NAME: Nicks   CITY: Port Alberni STATE: B.C.
ELEV: 115 LAT: 49:15:06 LONG: 124:47:19

                            TEMPERATURE ( C), RAIN (mm), WIND SPEED (kmh)

                                               HEAT     COOL           AVG
      MEAN                                     DEG      DEG            WIND                       DOM
DAY   TEMP    HIGH   TIME     LOW    TIME      DAYS     DAYS    RAIN   SPEED    HIGH    TIME      DIR
----------------------------------------------------------------------------------------------------------------------------------------------------------
01    10.8    19.2   14:01    03.1   07:27     07.5     00.0    00.0   02.4     27.8    14:09      NE
02    11.5    19.4   14:18    04.3   07:54     06.8     00.0    00.2   01.2     14.8    18:07      E 
03    09.4    11.1   15:42    08.4   06:14     08.9     00.0    13.0   02.4     29.6    15:38      S 
04    11.3    16.5   13:35    07.4   08:23     07.0     00.0    00.0   01.8     18.5    16:33     NNE
05    08.7    11.3   12:10    05.8   23:30     09.6     00.0    20.6   01.9     29.6    16:14     SSE
06    06.8    10.1   15:20    05.4   23:33     11.5     00.0    26.8   02.7     40.7    13:47      S 
07    06.8    10.0   15:49    04.4   23:59     11.5     00.0    04.2   00.8     16.6    00:16     ENE
08    06.1    08.5   13:32    04.2   01:00     12.2     00.0    03.4   00.7     12.9    17:36     NNE
09    08.7    14.4   15:46    05.6   07:28     09.6     00.0    00.0   02.2     24.1    19:48      E 
10    08.6    11.4   16:55    06.9   07:49     09.7     00.0    02.2   03.3     22.2    15:32      S 
11    07.5    10.0   18:21    05.9   22:29     10.8     00.0    03.8   00.8     14.8    21:02      N 
12    09.3    15.6   16:09    05.3   06:17     09.0     00.0    00.0   01.9     18.5    21:57     NNE
13    08.1    11.8   14:56    05.6   06:29     10.2     00.0    07.6   04.4     25.9    13:57      S 
14    07.1    11.2   13:06    03.4   06:21     11.2     00.0    00.0   02.6     20.4    16:13      SW
15    07.9    12.3   15:10    04.3   00:00     10.4     00.0    00.8   02.0     20.4    18:30     NNE
16    05.8    09.4   14:54    01.1   05:50     12.5     00.0    01.2   02.0     25.9    19:58     SSE
17    10.6    16.7   13:15    06.8   04:58     07.7     00.0    00.6   03.1     27.8    13:29      N 
18    10.1    12.5   16:05    08.2   07:01     08.2     00.0    08.6   01.8     31.4    17:51      SE
19    10.2    15.3   14:22    07.0   23:05     08.1     00.0    10.8   00.9     22.2    14:23     ENE
20    10.8    16.9   16:40    05.2   06:42     07.5     00.0    00.0   01.1     12.9    21:12      NE
21    09.4    13.7   12:52    05.6   04:09     08.9     00.0    00.0   02.6     25.9    15:35      E 
22    09.5    12.3   17:20    07.0   07:36     08.8     00.0    02.6   01.9     18.5    14:15      S 
23    11.1    15.1   12:47    08.4   23:57     07.2     00.0    00.0   02.5     22.2    12:27     NNE
24    10.9    16.4   13:14    05.8   07:38     07.4     00.0    00.0   01.8     18.5    19:58     ENE
25    10.0    16.6   15:31    03.1   06:08     08.3     00.0    00.0   01.4     16.6    18:08     ENE
26    09.7    17.4   13:37    03.8   06:28     08.6     00.0    00.0   03.2     33.3    15:16     NNE
27    08.8    13.7   13:49    02.2   07:16     09.5     00.0    00.0   03.2     25.9    16:27     NNE
28    10.0    17.3   12:22    02.5   07:02     08.3     00.0    00.0   02.5     24.1    17:06      NE
29    10.6    18.9   12:34    02.1   06:19     07.7     00.0    00.0   02.0     20.4    17:02      NE
30    11.9    20.6   13:25    03.1   06:02     06.4     00.0    00.0   01.4     16.6    16:24     ENE
----------------------------------------------------------------------------------------------------------------------------------------------------------
09.3 (9.6)   20.6  day 30     01.1  day 16   271.0    000.0   106.4   02.1     40.7   day 06     ENE
Max >=  20: 1
Min <=   10: 30
Max Rain: 26.8 ON 6-04-20
Days of Rain: 15 (> .2mm) 11 (> 2mm) 2 (> 20mm)