MONTHLY CLIMATOLOGICAL SUMMARY for MAR. 2020

NAME: Nicks   CITY: Port Alberni STATE: B.C.
ELEV: 115 LAT: 49:15:06 LONG: 124:47:19

                            TEMPERATURE ( C), RAIN (mm), WIND SPEED (kmh)

                                               HEAT     COOL           AVG
      MEAN                                     DEG      DEG            WIND                       DOM
DAY   TEMP    HIGH   TIME     LOW    TIME      DAYS     DAYS    RAIN   SPEED    HIGH    TIME      DIR
----------------------------------------------------------------------------------------------------------------------------------------------------------
01    02.3    04.6   20:22    00.5   07:35     16.0     00.0    00.2   01.0     22.2    20:24      NE
02    04.3    07.2   17:14    02.8   05:54     14.0     00.0    01.0   00.4     09.3    22:56     NNW
03    05.5    08.7   11:22    02.7   23:59     12.8     00.0    00.8   03.4     35.1    16:11     SSE
04    05.1    10.7   13:13    01.0   07:48     13.2     00.0    00.8   01.9     18.5    23:37     SSE
05    03.6    05.7   15:52    00.6   23:14     14.7     00.0    16.6   01.7     20.4    15:00     SSE
06    02.2    06.1   16:00   -00.2   07:47     16.1     00.0    00.0   00.6     07.4    15:04     NNE
07    02.0    04.6   12:08    00.7   05:23     16.3     00.0    03.6   00.5     11.1    13:50      E 
08    03.1    07.7   14:10   -00.6   00:00     15.2     00.0    00.0   00.9     12.9    19:03     ESE
09    02.0    08.2   17:08   -02.1   04:17     16.3     00.0    00.0   00.8     07.4    15:13     ENE
10    05.3    08.6   15:24    02.7   07:56     13.0     00.0    04.2   02.6     31.4    14:33     SSE
11    04.7    09.2   17:37    01.3   23:59     13.6     00.0    00.0   00.8     11.1    18:03      NE
12    03.3    09.1   14:17   -01.0   04:56     15.0     00.0    00.0   01.9     22.2    17:16      NE
13    04.3    08.6   13:35    02.1   23:59     14.0     00.0    00.0   04.9     27.8    18:11      N 
14    01.6    04.2   15:35   -01.1   07:29     16.7     00.0    00.0   05.3     35.1    14:14      N 
15    02.4    07.7   18:09   -01.9   07:19     15.9     00.0    00.0   04.6     33.3    11:38      N 
16    04.2    13.3   17:09   -02.8   08:13     14.1     00.0    00.0   00.9     11.1    17:12     ESE
17    05.1    12.6   17:12   -00.7   06:36     13.2     00.0    00.0   01.1     18.5    13:55     ENE
18    05.9    14.7   16:55   -01.2   07:58     12.4     00.0    00.0   00.7     11.1    19:14      E 
19    05.9    13.5   16:37    00.7   05:27     12.4     00.0    00.0   00.6     07.4    18:21     NNE
20    07.0    15.4   15:49    01.0   06:50     11.3     00.0    00.0   00.9     12.9    17:05     NNE
21    07.1    14.7   15:46    02.3   04:37     11.2     00.0    00.0   00.8     11.1    18:53      E 
22    05.8    09.6   13:15    02.7   06:59     12.5     00.0    00.4   03.0     29.6    20:18     SSE
23    04.5    07.5   12:00    01.8   23:59     13.8     00.0    04.0   02.4     20.4    10:28      SE
24    05.0    09.9   15:36    01.6   00:35     13.3     00.0    01.2   01.0     14.8    16:52     NNE
25    05.1    11.5   16:16    01.2   01:54     13.2     00.0    00.0   01.5     18.5    19:14      NE
26    04.5    07.6   14:33    01.3   03:56     13.8     00.0    00.8   02.0     18.5    18:57     NNE
27    06.5    10.6   17:30    04.0   06:22     11.8     00.0    01.6   00.6     12.9    20:57      NE
28    07.8    09.6   13:38    05.4   23:59     10.5     00.0    13.4   05.1     37.0    13:30     NNE
29    06.0    09.8   15:02    03.2   07:37     12.3     00.0    08.0   02.9     27.8    17:03      SE
30    04.1    06.0   13:38    02.2   22:55     14.2     00.0    25.0   03.6     27.8    09:56      E 
31    04.3    08.4   15:49    01.7   02:24     14.0     00.0    00.8   01.2     22.2    14:30     SSE
----------------------------------------------------------------------------------------------------------------------------------------------------------
04.5 (5.1)   15.4  day 20    -02.8  day 16   426.6    000.0   082.4   01.9     37.0   day 15      NE
Min <=   10: 31
Min <= 0: 9
Max Rain: 25.0 ON 30-03-20
Days of Rain: 16 (> .2mm) 7 (> 2mm) 1 (> 20mm)