MONTHLY CLIMATOLOGICAL SUMMARY for MAR. 2019

NAME: Nicks   CITY: Port Alberni STATE: B.C.
ELEV: 115 LAT: 49:15:06 LONG: 124:47:19

                            TEMPERATURE ( C), RAIN (mm), WIND SPEED (kmh)

                                               HEAT     COOL           AVG
      MEAN                                     DEG      DEG            WIND                       DOM
DAY   TEMP    HIGH   TIME     LOW    TIME      DAYS     DAYS    RAIN   SPEED    HIGH    TIME      DIR
----------------------------------------------------------------------------------------------------------------------------------------------------------
01    00.8    07.6   13:10   -03.9   07:43     17.5     00.0    00.0   00.9     20.4    14:24      NE
02    01.6    08.4   13:10   -03.9   07:35     16.7     00.0    00.0   01.3     24.1    15:58     ENE
03    02.3    05.4   15:04    00.2   21:56     16.0     00.0    00.0   01.8     20.4    16:06      N 
04    01.6    05.8   12:18   -02.2   07:47     16.7     00.0    00.0   03.1     25.9    13:22     NNE
05    00.9    06.8   12:26   -02.6   02:41     17.4     00.0    00.0   01.7     22.2    15:11      NE
06    01.4    07.8   14:07   -03.7   06:33     16.9     00.0    00.0   01.3     20.4    18:42      E 
07    01.2    08.1   12:50   -03.2   07:46     17.1     00.0    00.0   01.2     20.4    14:45      S 
08    01.4    08.5   12:58   -02.3   02:51     16.9     00.0    00.0   01.2     16.6    12:53      N 
09    01.6    09.6   13:15   -03.8   06:56     16.7     00.0    00.0   01.1     16.6    16:36     ENE
10    02.7    10.3   16:02   -03.8   08:22     15.6     00.0    00.0   01.1     12.9    19:11      SE
11    03.1    06.1   09:37    01.3   20:25     15.2     00.0    15.4   01.2     25.9    10:25     SSE
12    02.6    06.8   18:20    00.5   23:59     15.7     00.0    00.2   00.3     05.5    19:36     NNE
13    03.6    09.5   16:28    00.3   09:24     14.7     00.0    00.0   00.7     12.9    19:01      N 
14    05.2    08.9   13:39    02.4   08:02     13.1     00.0    00.6   00.8     16.6    13:27      S 
15    06.0    10.3   17:45    03.9   08:29     12.3     00.0    01.4   00.4     05.5    20:31      NE
16    07.2    12.4   17:04    03.7   07:36     11.1     00.0    00.0   00.4     07.4    15:28      NE
17    08.1    16.0   16:20    02.9   08:58     10.2     00.0    00.0   00.8     12.9    18:29      NE
18    09.4    19.4   15:08    02.1   08:01     08.9     00.0    00.0   00.9     16.6    16:51      SE
19    09.8    19.3   14:22    02.4   08:16     08.5     00.0    00.0   01.0     14.8    16:06      E 
20    10.9    21.8   16:16    02.6   07:46     07.4     00.0    00.0   00.8     09.3    17:02     ESE
21    09.8    17.1   14:30    03.8   07:38     08.5     00.0    00.0   01.5     22.2    19:57     SSE
22    10.3    18.6   13:27    07.2   07:36     08.0     00.0    05.2   01.5     20.4    15:03      E 
23    08.1    12.9   16:19    04.8   00:00     10.2     00.0    00.4   00.7     14.8    16:40     ESE
24    07.6    14.0   17:25    03.9   01:31     10.7     00.0    00.2   00.7     07.4    19:55      N 
25    07.0    12.5   14:44    03.1   07:33     11.3     00.0    03.8   00.8     20.4    23:28      SE
26    07.7    12.1   12:48    03.7   23:59     10.6     00.0    02.6   01.2     18.5    14:59     SSE
27    07.8    14.9   17:10    01.8   08:03     10.5     00.0    00.0   02.7     29.6    16:12     NNE
28    09.7    17.9   14:19    04.9   08:24     08.6     00.0    00.2   01.1     12.9    14:15     ENE
29    09.5    18.4   14:32    02.4   07:43     08.8     00.0    00.0   00.9     18.5    17:36     SSE
30    10.1    18.6   14:43    03.2   07:50     08.2     00.0    00.0   00.8     07.4    18:25      SE
31    10.3    18.6   14:31    03.3   07:56     08.0     00.0    00.0   01.4     16.6    17:44      NE
----------------------------------------------------------------------------------------------------------------------------------------------------------
05.8 (6.8)   21.8  day 20    -03.9  day 01   387.7    000.0   030.0   01.1     29.6   day 27     ENE
Max >=  20: 1
Min <=   10: 31
Min <= 0: 9
Max Rain: 15.4 ON 11-03-20
Days of Rain: 10 (> .2mm) 4 (> 2mm) 0 (> 20mm)