MONTHLY CLIMATOLOGICAL SUMMARY for FEB. 2019

NAME: Nicks   CITY: Port Alberni STATE: B.C.
ELEV: 115 LAT: 49:15:06 LONG: 124:47:19

                            TEMPERATURE ( C), RAIN (mm), WIND SPEED (kmh)

                                               HEAT     COOL           AVG
      MEAN                                     DEG      DEG            WIND                       DOM
DAY   TEMP    HIGH   TIME     LOW    TIME      DAYS     DAYS    RAIN   SPEED    HIGH    TIME      DIR
----------------------------------------------------------------------------------------------------------------------------------------------------------
01    04.7    05.3   16:28    04.2   23:59     13.6     00.0    21.4   00.4     07.4    10:50      NE
02    03.6    05.6   12:28    01.8   00:00     14.7     00.0    00.0   01.9     22.2    16:26     NNE
03   -00.5    02.1   01:00   -03.2   23:23     18.8     00.0    00.0   04.5     38.9    10:54     NNE
04   -03.3    00.0   15:22   -05.5   07:44     21.6     00.0    00.0   04.0     24.1    04:46      NE
05   -03.0    02.3   14:11   -06.9   07:18     21.3     00.0    00.0   00.3     07.4    17:51      NW
06   -02.3    02.9   15:07   -06.3   07:50     20.6     00.0    00.0   00.2     07.4    17:14     ENE
07   -01.0    03.4   15:43   -04.2   08:07     19.3     00.0    00.0   00.2     05.5    16:35      NE
08   -01.1    02.4   14:02   -03.6   23:59     19.4     00.0    00.0   02.6     24.1    15:04     NNE
09   -01.7    01.8   12:28   -04.7   08:42     20.0     00.0    00.8   04.0     24.1    14:00      NE
10   -04.1   -01.7   00:01   -07.2   07:22     22.4     00.0    00.0   00.6     16.6    14:43      E 
11   -03.7   -00.9   12:53   -07.3   03:30     22.0     00.0    00.2   02.2     18.5    17:03     NNE
12   -01.2    00.6   16:48   -02.4   00:51     19.5     00.0    00.0   00.3     11.1    10:29     ENE
13   -00.9    03.4   12:23   -04.2   23:09     19.2     00.0    03.0   00.4     09.3    18:51     ENE
14   -01.4    00.9   15:15   -03.7   08:00     19.7     00.0    00.2   00.4     12.9    14:22      NE
15    01.1    03.2   15:14   -00.1   06:35     17.2     00.0    08.0   00.0     03.7    14:38     NNE
16    01.4    04.2   12:32    00.3   20:34     16.9     00.0    05.6   00.6     14.8    13:57     NNE
17    01.1    06.1   13:49   -01.3   23:59     17.2     00.0    00.0   00.3     07.4    13:15      NE
18    01.5    06.9   13:52   -01.8   05:41     16.8     00.0    00.0   00.5     09.3    13:59     NNE
19    02.3    05.6   16:51    00.1   00:00     16.0     00.0    00.0   00.5     07.4    17:03     NNE
20    01.7    06.2   14:11   -01.6   23:58     16.6     00.0    00.0   00.9     20.4    12:15      N 
21    01.0    05.7   13:40   -03.8   07:16     17.3     00.0    00.2   00.8     14.8    23:49     NNE
22    02.6    06.6   15:19   -00.3   00:00     15.7     00.0    09.2   01.2     24.1    04:41     ENE
23    01.7    06.4   13:59   -01.6   03:02     16.6     00.0    01.0   00.2     12.9    13:39     NNE
24    02.0    06.1   13:42   -01.6   00:00     16.3     00.0    02.4   01.6     18.5    15:16      NE
25   -00.3    04.4   13:24   -03.3   23:49     18.6     00.0    00.0   02.0     20.4    11:23      NE
26   -01.1    03.7   13:41   -05.3   07:10     19.4     00.0    00.0   02.7     27.8    13:58      NE
27   -00.4    02.5   15:48   -03.3   04:25     18.7     00.0    00.0   00.6     09.3    08:07      NE
28    01.2    07.8   13:18   -02.7   06:06     17.1     00.0    00.0   01.6     20.4    15:41      NE
----------------------------------------------------------------------------------------------------------------------------------------------------------
-0.0 (0.4)   07.8  day 28    -07.3  day 11   512.7    000.0   052.0   01.3     38.9   day 03      NE
Max <=   0: 3
Min <=   10: 28
Min <= 0: 24
Min <=  -5: 6
Max Rain: 21.4 ON 1-02-19
Days of Rain: 11 (> .2mm) 6 (> 2mm) 1 (> 20mm)