MONTHLY CLIMATOLOGICAL SUMMARY for FEB. 2018

NAME: Nicks   CITY: Port Alberni STATE: B.C.
ELEV: 115 LAT: 49:15:06 LONG: 124:47:19

                            TEMPERATURE ( C), RAIN (mm), WIND SPEED (kmh)

                                               HEAT     COOL           AVG
      MEAN                                     DEG      DEG            WIND                       DOM
DAY   TEMP    HIGH   TIME     LOW    TIME      DAYS     DAYS    RAIN   SPEED    HIGH    TIME      DIR
----------------------------------------------------------------------------------------------------------------------------------------------------------
01    01.9    02.8   16:34    01.1   04:08     16.4     00.0    05.0   00.2     05.5    21:25      N 
02    05.3    09.1   15:05    02.4   01:54     13.0     00.0    03.8   02.3     25.9    22:34      N 
03    07.7    08.7   02:53    06.4   08:19     10.6     00.0    03.2   01.5     22.2    02:30      N 
04    08.5    11.7   12:37    06.5   06:35     09.8     00.0    01.2   06.5     42.5    08:39      N 
05    07.5    10.7   12:44    05.6   07:54     10.8     00.0    00.0   02.9     31.4    00:37      N 
06    06.0    07.4   16:58    04.7   06:29     12.3     00.0    00.6   00.3     12.9    20:25      N 
07    08.5    11.6   14:00    05.9   04:56     09.8     00.0    00.2   04.0     33.3    21:09      N 
08    08.2    12.3   12:49    02.3   00:00     10.1     00.0    00.6   04.5     40.7    00:40      N 
09    04.0    07.3   14:30    01.6   01:21     14.3     00.0    00.0   02.1     18.5    22:33      N 
10    01.2    04.3   16:08   -01.1   07:50     17.1     00.0    00.2   01.1     05.5    23:00      N 
11    02.7    08.2   12:51   -00.6   00:00     15.6     00.0    00.0   01.8     18.5    15:57      N 
12    00.7    05.9   15:40   -03.1   06:44     17.6     00.0    00.0   01.5     14.8    18:22      N 
13    01.5    04.8   16:35   -01.8   04:16     16.8     00.0    03.8   01.4     25.9    19:11      N 
14    01.7    03.9   16:05   -00.1   07:34     16.6     00.0    00.6   01.0     12.9    22:02      N 
15    00.9    02.5   16:58   -00.6   07:25     17.4     00.0    00.0   00.4     05.5    15:46      N 
16    04.4    08.8   14:13    01.3   07:25     13.9     00.0    00.6   01.0     18.5    14:30      N 
17    03.8    08.0   12:47    00.5   23:04     14.5     00.0    14.6   03.6     31.4    14:05      N 
18   -01.3    00.6   01:07   -04.4   23:59     19.6     00.0    01.0   02.9     22.2    16:25      N 
19   -02.7    02.1   12:30   -07.4   07:48     21.0     00.0    04.0   01.8     20.4    00:44      N 
20   -01.7    02.8   11:54   -04.4   00:00     20.0     00.0    02.8   02.8     24.1    14:23      N 
21   -02.6    00.1   16:19   -05.7   04:06     20.9     00.0    00.2   00.4     09.3    22:11      N 
22   -00.8    04.7   12:44   -04.7   07:31     19.1     00.0    03.2   01.9     14.8    01:53      N 
23    00.1    03.1   15:18   -03.4   01:37     18.2     00.0    05.0   01.1     20.4    22:34      N 
24    02.2    04.1   14:02   -00.1   05:22     16.1     00.0    02.4   03.0     38.9    22:43      N 
25    02.9    06.2   12:33   -01.3   00:00     15.4     00.0    00.8   04.2     29.6    00:09      N 
26    01.3    06.4   15:46   -02.7   04:09     17.0     00.0    00.0   02.0     24.1    20:05      N 
27    04.3    08.1   15:39    02.1   07:48     14.0     00.0    00.0   02.3     27.8    02:20      N 
28    03.0    04.4   12:20    00.8   22:16     15.3     00.0    13.0   00.8     14.8    01:38      NE
----------------------------------------------------------------------------------------------------------------------------------------------------------
02.8 (3.0)   12.3  day 08    -07.4  day 19   433.3    000.0   066.8   02.1     42.6   day 04     N
Min <=   10: 28
Min <= 0: 15
Min <=  -5: 2
Max Rain: 14.6 ON 17-02-18
Days of Rain: 21 (> .2mm) 11 (> 2mm) 0 (> 20mm)