MONTHLY CLIMATOLOGICAL SUMMARY for DEC. 2019

NAME: Nicks   CITY: Port Alberni STATE: B.C.
ELEV: 115 LAT: 49:15:06 LONG: 124:47:19

                            TEMPERATURE ( C), RAIN (mm), WIND SPEED (kmh)

                                               HEAT     COOL           AVG
      MEAN                                     DEG      DEG            WIND                       DOM
DAY   TEMP    HIGH   TIME     LOW    TIME      DAYS     DAYS    RAIN   SPEED    HIGH    TIME      DIR
----------------------------------------------------------------------------------------------------------------------------------------------------------
01   -00.9    02.3   14:35   -03.8   05:35     19.2     00.0    01.6   00.0     03.7    16:00      N 
02    01.5    02.6   14:20    00.5   04:10     16.8     00.0    05.8   00.0     00.0    00:00      N 
03    04.0    07.8   22:09    02.2   00:04     14.3     00.0    01.2   00.3     18.5    21:30      N 
04    04.6    07.7   12:56    00.7   22:38     13.7     00.0    01.4   00.4     07.4    18:26      N 
05    02.0    03.4   13:35    00.2   05:16     16.3     00.0    02.0   00.0     05.5    13:14      N 
06    04.1    04.8   23:11    03.1   01:13     14.2     00.0    10.2   00.0     05.5    22:22      N 
07    06.4    08.1   14:01    04.7   00:42     11.9     00.0    02.0   00.0     05.5    19:18      N 
08    06.1    07.3   14:04    04.9   19:12     12.2     00.0    00.0   00.0     05.5    05:02      N 
09    05.5    06.7   14:11    04.5   08:21     12.8     00.0    00.0   00.1     05.5    13:23      N 
10    05.0    05.6   15:53    04.2   08:38     13.3     00.0    01.6   00.0     05.5    06:40      N 
11    05.7    06.6   12:47    04.2   23:59     12.6     00.0    17.4   00.2     05.5    23:41      N 
12    04.9    06.1   15:04    03.4   01:15     13.4     00.0    06.6   00.4     11.1    06:18      N 
13    04.5    05.1   13:33    03.8   08:24     13.8     00.0    00.2   00.0     05.5    02:30      N 
14    03.8    05.3   12:55    01.7   23:46     14.5     00.0    02.0   00.2     07.4    11:12      N 
15    02.4    04.6   12:47    01.5   18:38     15.9     00.0    00.0   00.0     05.5    13:18      N 
16    02.4    02.9   00:00    01.6   08:55     15.9     00.0    07.2   00.0     05.5    12:30      N 
17    05.1    08.2   14:38    02.8   00:58     13.2     00.0    14.2   00.8     24.1    13:03      N 
18    05.5    07.3   01:34    03.9   22:36     12.8     00.0    42.4   00.2     11.1    09:05      N 
19    02.9    04.1   12:12    00.9   19:37     15.4     00.0    22.6   00.3     05.5    19:13      N 
20    03.0    03.8   21:09    01.8   00:46     15.3     00.0    03.8   00.0     05.5    03:27      N 
21    03.6    04.5   13:27    02.8   21:08     14.7     00.0    03.4   00.1     09.3    16:02      N 
22    03.3    03.8   19:41    02.7   08:54     15.0     00.0    03.4   00.2     07.4    04:54      N 
23    02.0    02.9   00:09    01.2   09:19     16.3     00.0    00.0   00.3     05.5    21:12      N 
24    02.3    03.1   15:55    01.7   08:21     16.0     00.0    03.2   00.0     03.7    12:34      N 
25    03.0    04.5   15:41    02.1   08:09     15.3     00.0    00.0   00.1     05.5    12:38      N 
26    02.7    04.7   14:18    01.6   18:57     15.6     00.0    07.8   00.2     07.4    03:21      N 
27    02.5    03.3   14:50    01.8   08:56     15.8     00.0    00.0   00.1     05.5    20:15      N 
28    03.7    04.7   15:32    02.9   02:13     14.6     00.0    03.8   00.2     05.5    21:20      N 
29    04.8    05.8   14:59    03.9   04:18     13.5     00.0    04.8   00.0     00.0    00:00      N 
30    06.6    09.2   23:50    05.3   08:48     11.7     00.0    00.6   01.3     31.4    15:41      N 
31    10.6    11.7   14:40    08.3   01:10     07.7     00.0    08.4   06.2     31.4    23:48      N 
----------------------------------------------------------------------------------------------------------------------------------------------------------
04.0 (4.0)   11.7  day 31    -03.8  day 01   443.9    000.0   177.6   00.4     31.5   day 31      N 
Min <=   10: 31
Min <= 0: 1
Max Rain: 42.4 ON 18-12-20
Days of Rain: 25 (> .2mm) 16 (> 2mm) 2 (> 20mm)