MONTHLY CLIMATOLOGICAL SUMMARY for JAN. 2020

NAME: Nicks   CITY: Port Alberni STATE: B.C.
ELEV: 115 LAT: 49:15:06 LONG: 124:47:19

                            TEMPERATURE ( C), RAIN (mm), WIND SPEED (kmh)

                                               HEAT     COOL           AVG
      MEAN                                     DEG      DEG            WIND                       DOM
DAY   TEMP    HIGH   TIME     LOW    TIME      DAYS     DAYS    RAIN   SPEED    HIGH    TIME      DIR
----------------------------------------------------------------------------------------------------------------------------------------------------------
01    08.0    10.7   00:26    02.6   23:53     10.3     00.0    00.0   04.2     25.9    13:01     SSE
02    01.4    02.9   11:14    00.4   18:01     16.9     00.0    07.8   00.0     05.5    23:56      N 
03    07.3    11.6   11:30    00.6   00:01     11.0     00.0    41.6   06.8     50.0    08:18      S 
04    03.6    05.8   00:04    01.9   08:51     14.7     00.0    07.4   01.0     18.5    11:30     NNE
05    04.4    06.7   13:15    03.1   09:22     13.9     00.0    19.6   01.7     24.1    09:35      N 
06    02.2    03.5   00:01    00.6   07:12     16.1     00.0    15.4   00.0     05.5    04:36      N 
07    05.9    09.7   10:49    02.7   05:09     12.4     00.0    28.0   03.6     33.3    08:22     SSE
08    02.9    04.8   00:08    00.6   23:51     15.4     00.0    00.0   00.8     20.4    00:28      N 
09    01.1    02.7   13:27   -00.3   06:59     17.2     00.0    00.0   00.2     05.5    15:23      NW
10    00.7    01.6   13:27    00.3   09:17     17.6     00.0    15.6   00.1     05.5    11:36     NNW
11    01.1    01.8   15:17    00.6   08:02     17.2     00.0    03.4   00.1     07.4    09:25      N 
12    00.1    02.0   13:53   -02.9   23:59     18.2     00.0    03.4   01.9     22.2    17:40      N 
13   -03.4   -02.8   13:59   -05.1   04:05     21.7     00.0    00.0   01.9     14.8    19:47      N 
14   -03.9   -02.8   15:22   -04.9   18:42     22.2     00.0    00.0   01.2     14.8    12:57     NNE
15   -02.7    00.1   23:58   -04.4   08:40     21.0     00.0    00.0   01.8     31.4    19:06      N 
16    01.1    04.1   03:39   -01.6   22:23     17.2     00.0    13.6   03.5     51.8    02:23     SSE
17   -00.7    01.4   12:50   -03.2   08:33     19.0     00.0    00.6   00.0     03.7    22:36     NNE
18    00.8    04.4   23:51    00.0   00:35     17.5     00.0    30.0   00.3     16.6    22:51     NNE
19    03.2    04.9   00:54    02.3   22:20     15.1     00.0    44.8   00.4     14.8    00:50      SE
20    04.7    07.3   06:43    02.2   01:05     13.6     00.0    13.4   00.8     25.9    06:47      SE
21    04.1    05.6   14:38    02.8   23:20     14.2     00.0    28.4   00.8     38.9    08:32      SE
22    02.8    03.6   15:47    02.3   06:49     15.5     00.0    25.4   00.1     05.5    16:49      NE
23    04.3    06.1   14:07    02.3   01:25     14.0     00.0    27.2   00.5     12.9    23:47      NE
24    07.3    08.8   10:35    05.2   00:07     11.0     00.0    12.2   02.9     31.4    10:31     SSE
25    05.6    07.4   15:18    04.6   08:23     12.7     00.0    05.2   00.1     05.5    14:01      N 
26    06.5    09.3   12:31    03.8   23:56     11.8     00.0    16.8   02.9     42.5    07:21      SE
27    04.3    07.2   14:48    02.3   09:05     14.0     00.0    09.8   00.2     12.9    15:59      N 
28    04.0    05.6   15:21    02.5   09:33     14.3     00.0    02.2   00.1     05.5    19:13     NNW
29    05.5    08.3   15:34    02.9   21:17     12.8     00.0    36.0   00.8     18.5    04:57      NE
30    03.2    04.2   16:43    02.3   08:43     15.1     00.0    16.6   00.4     07.4    16:59     NNE
31    07.0    11.1   16:44    03.9   00:12     11.3     00.0    52.4   03.2     46.3    18:35      N 
----------------------------------------------------------------------------------------------------------------------------------------------------------
03.0 (3.0)   11.6  day 03    -05.1  day 13   474.8    000.0   477.0   01.4     51.8   day 03     NNE
Max <=   0: 2
Min <=   10: 31
Min <= 0: 8
Min <=  -5: 1
Max Rain: 52.4 ON 31-01-20
Days of Rain: 25 (> .2mm) 24 (> 2mm) 9 (> 20mm)