MONTHLY CLIMATOLOGICAL SUMMARY for NOV. 2020

NAME: Nicks   CITY: Port Alberni STATE: B.C.
ELEV: 115 LAT: 49:15:06 LONG: 124:47:19

                            TEMPERATURE ( C), RAIN (mm), WIND SPEED (kmh)

                                               HEAT     COOL           AVG
      MEAN                                     DEG      DEG            WIND                       DOM
DAY   TEMP    HIGH   TIME     LOW    TIME      DAYS     DAYS    RAIN   SPEED    HIGH    TIME      DIR
----------------------------------------------------------------------------------------------------------------------------------------------------------
01    05.3    08.8   15:38    03.4   02:53     13.0     00.0    00.0   00.1     05.5    13:05     NNE
02    06.3    09.1   15:54    03.6   00:38     12.0     00.0    09.4   00.1     05.5    22:44     NNE
03    09.7    12.2   22:56    08.3   01:39     08.6     00.0    23.8   00.5     31.4    21:48     NNE
04    12.6    15.2   10:27    10.7   06:28     05.7     00.0    17.0   03.8     35.1    15:08     SSE
05    08.4    12.1   12:34    04.4   22:53     09.9     00.0    02.6   01.3     29.6    02:22     ENE
06    04.1    08.6   12:43    00.9   23:59     14.2     00.0    00.0   00.3     12.9    00:01      NE
07    02.9    08.2   15:07   -00.3   03:00     15.4     00.0    00.0   01.0     18.5    23:14      NE
08    04.4    09.8   12:18    00.2   21:58     13.9     00.0    00.0   01.9     33.3    00:02      N 
09    03.3    07.2   13:35    01.2   01:17     15.0     00.0    06.8   00.5     18.5    14:14      NE
10    03.2    05.2   15:05    01.9   05:20     15.1     00.0    00.2   00.1     05.5    14:54      N 
11    04.0    06.3   14:10    02.4   06:56     14.3     00.0    00.2   00.2     05.5    15:21     NNE
12    03.2    04.1   12:17    02.3   18:51     15.1     00.0    21.8   00.2     07.4    17:32     NNE
13    03.6    06.9   15:14    01.6   05:01     14.7     00.0    06.2   00.6     16.6    18:50      E 
14    03.1    04.7   00:24    01.0   08:07     15.2     00.0    05.2   00.6     18.5    00:27      S 
15    05.1    07.8   13:32    01.9   00:32     13.2     00.0    12.8   01.8     33.3    07:38      NE
16    03.9    05.5   14:07    02.3   21:03     14.4     00.0    22.6   00.4     07.4    16:49      NE
17    07.7    13.2   06:47    02.4   01:10     10.6     00.0    11.6   04.7     35.1    11:21      N 
18    05.1    07.7   00:06    03.8   23:25     13.2     00.0    07.2   00.2     18.5    00:04      N 
19    03.7    05.2   15:19    02.1   03:14     14.6     00.0    11.0   00.2     09.3    00:02     NNE
20    04.8    07.3   13:12    03.7   00:23     13.5     00.0    05.0   00.4     16.6    11:28      N 
21    03.5    04.3   00:53    02.4   08:30     14.8     00.0    00.0   00.3     05.5    23:11     NNE
22    03.5    04.4   16:23    02.6   04:26     14.8     00.0    02.2   00.1     05.5    22:05     NNW
23    04.9    06.3   15:14    03.8   03:37     13.4     00.0    01.6   00.0     05.5    12:37     NNW
24    05.8    09.2   08:43    03.3   18:28     12.5     00.0    12.8   01.6     31.4    06:37     NNE
25    03.8    04.4   14:10    03.1   04:26     14.5     00.0    00.2   00.1     05.5    19:50     ESE
26    06.3    09.2   22:17    03.9   00:15     12.0     00.0    02.8   02.5     31.4    23:50      S 
27    08.9    10.2   07:05    05.3   00:00     09.4     00.0    12.6   07.5     42.5    17:30     SSE
28    04.9    06.3   14:55    03.7   03:30     13.4     00.0    00.0   00.0     07.4    00:01     NNW
29    03.8    05.5   00:00    03.3   08:07     14.5     00.0    07.6   00.0     05.5    22:40      NE
30    05.6    08.3   13:29    00.9   00:00     12.7     00.0    15.2   00.9     25.9    06:17      SE
----------------------------------------------------------------------------------------------------------------------------------------------------------
05.2 (5.4)   15.2  day 04    -00.3  day 07   393.6    000.0   218.4   01.1     42.6   day 27     NNE
Min <=   10: 29
Min <= 0: 1
Max Rain: 23.8 ON 3-11-20
Days of Rain: 24 (> .2mm) 20 (> 2mm) 3 (> 20mm)