MONTHLY CLIMATOLOGICAL SUMMARY for NOV. 2019

NAME: Nicks   CITY: Port Alberni STATE: B.C.
ELEV: 115 LAT: 49:15:06 LONG: 124:47:19

                            TEMPERATURE ( C), RAIN (mm), WIND SPEED (kmh)

                                               HEAT     COOL           AVG
      MEAN                                     DEG      DEG            WIND                       DOM
DAY   TEMP    HIGH   TIME     LOW    TIME      DAYS     DAYS    RAIN   SPEED    HIGH    TIME      DIR
----------------------------------------------------------------------------------------------------------------------------------------------------------
01    06.1    10.1   13:34    03.3   01:21     12.2     00.0    00.0   00.4     07.4    14:17      NE
02    05.8    09.2   16:38    04.1   00:16     12.5     00.0    00.0   00.2     05.5    15:31      NE
03    07.8    11.0   14:41    04.5   00:59     10.5     00.0    00.0   00.2     05.5    14:52      NE
04    09.4    11.4   14:51    08.2   06:56     08.9     00.0    00.0   00.1     05.5    14:30     ENE
05    09.6    11.6   13:45    08.3   23:16     08.7     00.0    00.0   00.5     07.4    13:42      NE
06    08.0    10.2   14:05    05.7   23:33     10.3     00.0    00.0   00.6     11.1    04:18     NNE
07    07.0    10.4   14:10    05.3   07:51     11.3     00.0    00.0   00.2     05.5    15:46     NNE
08    07.6    10.9   18:05    04.7   02:56     10.7     00.0    01.8   00.6     20.4    17:26      NE
09    09.7    10.8   15:09    08.8   05:47     08.6     00.0    00.6   00.0     00.0    00:00     ESE
10    09.3    12.1   11:26    06.9   22:43     09.0     00.0    00.0   00.9     16.6    13:40      NE
11    07.8    09.2   14:28    06.7   00:26     10.5     00.0    03.8   00.1     05.5    21:11     ENE
12    08.8    10.8   16:10    07.5   04:46     09.5     00.0    07.4   00.0     05.5    13:07     WSW
13    08.7    10.7   13:13    07.4   04:59     09.6     00.0    00.0   01.1     18.5    13:30     NNE
14    07.5    08.8   13:22    06.1   07:57     10.8     00.0    04.0   00.1     05.5    16:58     ENE
15    09.1    12.7   13:11    06.2   23:01     09.2     00.0    08.4   01.0     27.8    15:20     ESE
16    09.3    12.0   23:45    06.2   00:30     09.0     00.0    18.0   01.6     29.6    22:23     SSW
17    11.4    15.4   12:06    08.3   23:31     06.9     00.0    13.8   01.6     27.8    00:02     SSW
18    08.6    10.2   14:08    07.5   07:49     09.7     00.0    05.2   00.3     12.9    12:58     NNE
19    07.2    10.6   13:05    03.2   23:15     11.1     00.0    00.0   00.1     05.5    00:00      NE
20    02.7    04.2   15:18    01.2   08:19     15.6     00.0    00.2   00.4     07.4    11:35      NE
21    01.5    03.1   15:32    00.5   06:35     16.8     00.0    00.0   00.3     09.3    23:54      E 
22    01.9    03.1   23:37    00.7   03:19     16.4     00.0    00.2   00.3     05.5    23:35     ENE
23    07.7    12.3   20:40    03.0   00:01     10.6     00.0    06.6   03.2     37.0    17:04     SSE
24    04.8    07.8   00:02    02.8   07:43     13.5     00.0    00.2   00.4     05.5    16:19      N 
25    03.7    06.2   12:53    01.3   19:00     14.6     00.0    00.0   00.1     05.5    21:32      N 
26    01.8    04.3   13:18   -00.1   23:59     16.5     00.0    00.0   01.1     18.5    13:45      NE
27    01.6    06.6   12:08   -00.9   03:58     16.7     00.0    00.0   03.1     24.1    15:00      NE
28   -00.2    04.4   12:19   -03.2   00:00     18.5     00.0    00.0   01.5     18.5    12:33     ENE
29   -02.5    02.6   13:00   -04.9   08:17     20.8     00.0    00.0   00.1     05.5    15:37     ENE
30   -02.4    02.6   13:05   -05.6   08:21     20.7     00.0    00.0   00.2     05.5    18:33     ENE
----------------------------------------------------------------------------------------------------------------------------------------------------------
06.0 (6.3)   15.4  day 17    -05.6  day 30   369.4    000.0   070.2   00.7     37.0   day 23      NE
Min <=   10: 30
Min <= 0: 5
Min <=  -5: 1
Max Rain: 18.0 ON 16-11-19
Days of Rain: 13 (> .2mm) 8 (> 2mm) 0 (> 20mm)