MONTHLY CLIMATOLOGICAL SUMMARY for NOV. 2017

NAME: Nicks   CITY: Port Alberni STATE: B.C.
ELEV: 115 LAT: 49:15:06 LONG: 124:47:19

                            TEMPERATURE ( C), RAIN (mm), WIND SPEED (kmh)

                                               HEAT     COOL           AVG
      MEAN                                     DEG      DEG            WIND                       DOM
DAY   TEMP    HIGH   TIME     LOW    TIME      DAYS     DAYS    RAIN   SPEED    HIGH    TIME      DIR
----------------------------------------------------------------------------------------------------------------------------------------------------------
01    07.7    10.8   13:07    05.4   00:13     10.6     00.0    00.0   00.8     16.6    19:34      SW
02    04.2    08.2   02:42    01.7   23:19     14.1     00.0    16.4   03.5     31.4    03:37     ESE
03    00.6    04.2   12:46   -02.4   23:56     17.7     00.0    00.0   03.6     25.9    12:59     ENE
04   -00.6    00.8   00:00   -03.1   02:49     18.9     00.0    01.0   00.6     14.8    23:58      E 
05    00.4    05.2   11:45   -02.9   23:54     17.9     00.0    02.2   02.5     18.5    15:03     ENE
06   -00.2    04.2   14:10   -03.1   01:34     18.5     00.0    00.2   01.2     11.1    12:11     SSE
07    01.6    05.1   14:01   -01.3   00:05     16.7     00.0    00.2   00.8     07.4    11:32     SSW
08    04.4    07.1   14:47    02.1   00:01     13.9     00.0    01.2   01.1     09.3    21:44      S 
09    06.0    07.7   15:02    03.8   07:12     12.3     00.0    01.8   00.3     07.4    13:30     NNE
10    07.0    08.4   14:53    06.2   03:43     11.3     00.0    00.2   00.1     05.5    13:40     NNW
11    06.7    07.7   22:00    04.6   08:18     11.6     00.0    12.2   00.3     09.3    23:23     NNW
12    07.0    08.0   16:16    06.1   06:52     11.3     00.0    12.8   00.3     11.1    04:38      NW
13    06.7    08.7   07:15    04.5   18:34     11.6     00.0    29.4   04.1     51.8    07:49     SSE
14    05.8    07.8   01:02    04.7   23:55     12.5     00.0    61.6   02.8     35.1    02:00      SE
15    04.6    06.4   14:17    02.3   07:28     13.7     00.0    16.4   01.9     20.4    13:03      E 
16    03.5    05.0   12:31    02.1   07:09     14.8     00.0    05.6   00.6     14.8    02:17     SSW
17    03.8    05.8   13:38    02.2   03:13     14.5     00.0    00.2   00.7     18.5    16:27      SE
18    06.5    08.4   23:57    03.8   00:08     11.8     00.0    21.0   05.4     42.5    20:34     SSE
19    08.7    09.8   10:24    07.7   23:56     09.6     00.0    60.6   06.3     61.0    09:42      S 
20    05.6    09.3   11:45    01.3   23:10     12.7     00.0    02.0   01.8     31.4    15:33      N 
21    04.0    05.3   23:35    02.1   00:01     14.3     00.0    38.2   00.3     18.5    12:04     NNW
22    10.1    14.7   13:40    05.2   00:46     08.2     00.0    42.4   06.3     55.5    14:44      S 
23    09.2    11.8   11:39    07.8   23:51     09.1     00.0    06.4   06.3     40.7    18:41     SSE
24    08.2    09.9   23:53    06.7   04:44     10.1     00.0    11.6   09.0     53.6    14:11      S 
25    08.4    10.1   00:25    05.8   00:00     09.9     00.0    21.6   03.4     46.3    02:15      S 
26    07.3    12.5   04:30    04.6   23:17     11.0     00.0    19.4   05.5     55.5    04:40      S 
27    04.6    06.2   15:21    03.3   08:16     13.7     00.0    07.6   00.9     18.5    19:35      E 
28    04.7    07.4   05:23    02.7   20:16     13.6     00.0    17.4   02.1     35.1    04:26     SSE
29    05.4    08.4   16:56    02.9   00:03     12.9     00.0    21.4   03.4     42.5    18:35     SSE
30    05.7    07.7   00:20    04.0   22:02     12.6     00.0    14.4   01.0     31.4    23:51     NNE
----------------------------------------------------------------------------------------------------------------------------------------------------------
05.3 (5.4)   14.7  day 22    -03.1  day 06   391.3    000.0   445.8   02.6     61.1   day 19     SSE
Min <=   10: 30
Min <= 0: 5
Max Rain: 61.6 ON 14-11-17
Days of Rain: 28 (> .2mm) 20 (> 2mm) 8 (> 20mm)