MONTHLY CLIMATOLOGICAL SUMMARY for OCT. 2020

NAME: Nicks   CITY: Port Alberni STATE: B.C.
ELEV: 115 LAT: 49:15:06 LONG: 124:47:19

                            TEMPERATURE ( C), RAIN (mm), WIND SPEED (kmh)

                                               HEAT     COOL           AVG
      MEAN                                     DEG      DEG            WIND                       DOM
DAY   TEMP    HIGH   TIME     LOW    TIME      DAYS     DAYS    RAIN   SPEED    HIGH    TIME      DIR
----------------------------------------------------------------------------------------------------------------------------------------------------------
01    15.7    19.8   15:40    13.3   03:06     02.6     00.0    00.0   00.0     00.0    00:00     NNE
02    15.4    19.8   17:31    13.3   08:13     02.9     00.0    00.2   00.0     00.0    00:00     NNE
03    14.4    17.3   15:57    12.2   03:38     03.9     00.0    00.0   00.0     00.0    00:00     ENE
04    14.6    17.1   16:03    12.7   23:32     03.7     00.0    00.0   00.0     00.0    00:00     SSE
05    15.0    18.5   14:55    12.7   23:39     03.3     00.0    00.0   00.0     00.0    00:00      SE
06    15.0    19.7   17:23    11.8   03:36     03.3     00.0    00.0   00.0     00.0    00:00      E 
07    14.7    18.8   17:36    11.6   07:17     03.6     00.0    00.0   00.1     07.4    18:58     ENE
08    14.3    16.8   13:42    12.1   06:48     04.0     00.0    00.0   02.0     20.4    14:20     SSE
09    13.4    15.2   00:09    11.3   23:52     04.9     00.0    22.6   02.9     29.6    16:56     SSE
10    11.3    13.7   14:29    08.9   23:59     07.0     00.0    04.0   04.3     38.9    03:36     SSE
11    07.4    09.0   00:01    05.9   04:41     10.9     00.0    15.0   00.0     05.5    00:14     SSW
12    08.5    11.4   15:14    05.9   03:01     09.8     00.0    00.6   00.0     00.0    00:00     ENE
13    09.2    13.3   13:35    05.2   07:34     09.1     00.0    18.0   02.8     27.8    15:58     ENE
14    09.8    13.8   14:46    06.8   00:00     08.5     00.0    00.8   00.7     14.8    16:55      N 
15    08.9    11.7   17:01    06.1   01:34     09.4     00.0    00.0   00.0     00.0    00:00     NNE
16    13.2    17.9   15:41    09.2   06:58     05.1     00.0    00.2   02.7     27.8    10:06     ESE
17    11.1    12.9   14:24    07.6   23:59     07.2     00.0    07.4   00.0     01.9    23:12      S 
18    09.4    12.4   17:23    07.3   06:23     08.9     00.0    05.4   00.0     01.9    23:59      SE
19    10.6    13.5   13:34    07.3   00:00     07.7     00.0    00.0   01.0     18.5    15:04     SSE
20    08.6    11.8   15:36    06.3   02:52     09.7     00.0    00.0   00.0     01.9    17:33     SSE
21    07.3    11.4   15:49    03.3   23:59     11.0     00.0    00.0   00.0     01.9    17:04     ESE
22    04.8    09.5   15:32    01.2   07:24     13.5     00.0    00.0   00.0     00.0    00:00      SE
23    05.2    06.2   14:59    04.0   09:15     13.1     00.0    08.6   01.5     18.5    21:22      NE
24    03.4    07.2   14:19   -00.6   08:47     14.9     00.0    00.0   01.9     22.2    13:35     NNE
25    02.6    07.4   14:56   -01.4   07:05     15.7     00.0    00.0   00.6     12.9    13:35     NNE
26    05.8    09.5   16:31    03.7   06:18     12.5     00.0    00.0   00.0     01.9    16:24     NNE
27    10.1    14.0   15:41    06.0   00:04     08.2     00.0    00.0   03.6     27.8    23:19     SSE
28    14.2    15.9   11:24    12.8   22:48     04.1     00.0    00.0   06.6     27.8    14:54     SSE
29    13.3    14.4   15:17    10.7   23:56     05.0     00.0    04.0   04.6     27.8    07:17      S 
30    10.1    14.0   13:22    05.0   00:00     08.2     00.0    11.8   03.0     31.4    01:01     SSE
31    05.9    10.2   16:49    02.7   08:11     12.4     00.0    00.0   00.1     11.1    16:01      NE
----------------------------------------------------------------------------------------------------------------------------------------------------------
10.4 (10.6)   19.8  day 02    -01.4  day 25   243.9    000.0   098.8   01.2     38.9   day 30      SE
Min <=   10: 20
Min <= 0: 2
Max Rain: 22.6 ON 9-10-20
Days of Rain: 13 (> .2mm) 9 (> 2mm) 1 (> 20mm)