MONTHLY CLIMATOLOGICAL SUMMARY for OCT. 2019

NAME: Nicks   CITY: Port Alberni STATE: B.C.
ELEV: 115 LAT: 49:15:06 LONG: 124:47:19

                            TEMPERATURE ( C), RAIN (mm), WIND SPEED (kmh)

                                               HEAT     COOL           AVG
      MEAN                                     DEG      DEG            WIND                       DOM
DAY   TEMP    HIGH   TIME     LOW    TIME      DAYS     DAYS    RAIN   SPEED    HIGH    TIME      DIR
----------------------------------------------------------------------------------------------------------------------------------------------------------
01    09.0    15.3   15:44    03.3   07:41     09.3     00.0    00.0   00.5     14.8    16:33      N 
02    09.9    13.6   16:23    07.3   07:26     08.4     00.0    04.0   00.2     05.5    19:51      N 
03    09.5    12.7   13:31    07.6   00:00     08.8     00.0    07.4   00.8     29.6    11:54      N 
04    10.1    13.4   16:04    07.6   00:08     08.2     00.0    00.0   00.4     12.9    17:58      SW
05    10.8    15.3   17:05    07.9   23:55     07.5     00.0    00.0   00.5     14.8    16:47      S 
06    09.9    12.7   15:51    06.9   01:38     08.4     00.0    02.6   00.2     07.4    23:42      E 
07    11.8    16.2   13:27    07.3   00:00     06.5     00.0    08.0   04.3     35.1    17:02      NE
08    07.3    11.7   15:08    03.9   08:13     11.0     00.0    00.0   01.6     20.4    15:58      NE
09    04.9    10.4   16:42   -00.5   08:14     13.4     00.0    00.0   00.7     11.1    14:01      NE
10    05.0    11.8   16:42   -00.3   07:42     13.3     00.0    00.0   00.6     09.3    17:33     NNE
11    07.2    13.3   16:35    01.8   07:37     11.1     00.0    00.0   00.3     05.5    16:50     ENE
12    10.1    13.1   16:20    07.8   08:09     08.2     00.0    00.6   00.7     11.1    13:03      N 
13    10.6    14.6   15:00    07.6   23:59     07.7     00.0    00.0   00.4     09.3    11:49      N 
14    09.1    13.9   15:51    04.7   08:14     09.2     00.0    00.0   00.7     12.9    14:19      E 
15    09.4    09.9   13:15    08.7   08:08     08.9     00.0    26.6   00.1     11.1    10:41     ENE
16    10.2    12.3   10:55    08.8   22:09     08.1     00.0    23.2   01.0     24.1    23:15     ESE
17    10.0    12.6   13:37    07.9   23:55     08.3     00.0    16.6   04.5     29.6    03:26      S 
18    08.8    11.2   14:36    07.4   22:30     09.5     00.0    04.2   02.3     27.8    05:26      S 
19    07.9    10.7   17:01    06.3   22:36     10.4     00.0    04.8   00.2     05.5    23:29      SE
20    07.8    09.1   16:26    06.3   00:32     10.5     00.0    08.6   00.2     18.5    23:29      E 
21    09.9    10.6   14:02    08.6   01:27     08.4     00.0    09.4   00.6     18.5    03:35     SSE
22    09.8    12.6   15:33    07.7   23:35     08.5     00.0    00.2   00.3     05.5    20:17      NE
23    08.3    11.3   16:19    05.2   07:14     10.0     00.0    00.0   00.2     05.5    15:48     NNE
24    10.7    13.4   16:38    08.9   05:01     07.6     00.0    00.0   00.2     05.5    23:43     NNE
25    11.4    15.3   13:25    04.6   23:58     06.9     00.0    02.0   02.0     33.3    04:53     SSE
26    06.4    13.4   13:15    01.4   07:54     11.9     00.0    00.0   01.6     20.4    14:25     ENE
27    04.2    10.3   15:46    00.1   09:28     14.1     00.0    00.0   00.2     05.5    19:48      E 
28    03.9    09.9   16:04   -00.2   06:21     14.4     00.0    00.0   00.7     12.9    16:44     ENE
29    03.6    08.8   15:15    00.6   23:59     14.7     00.0    00.0   00.3     05.5    19:10      NE
30    02.7    08.1   16:10   -01.2   06:58     15.6     00.0    00.0   00.2     05.5    16:43      E 
31    04.6    09.5   16:04    01.3   08:09     13.7     00.0    00.0   00.2     05.5    16:40      E 
----------------------------------------------------------------------------------------------------------------------------------------------------------
08.2 (8.6)   16.2  day 07    -01.2  day 30   312.3    000.0   118.2   00.9     35.2   day 25     ENE
Min <=   10: 31
Min <= 0: 4
Max Rain: 26.6 ON 15-10-20
Days of Rain: 14 (> .2mm) 11 (> 2mm) 2 (> 20mm)