MONTHLY CLIMATOLOGICAL SUMMARY for SEP. 2016

NAME: Nicks   CITY: Port Alberni STATE: B.C.
ELEV: 115 LAT: 49:15:06 LONG: 124:47:19

                            TEMPERATURE ( C), RAIN (mm), WIND SPEED (kmh)

                                               HEAT     COOL           AVG
      MEAN                                     DEG      DEG            WIND                       DOM
DAY   TEMP    HIGH   TIME     LOW    TIME      DAYS     DAYS    RAIN   SPEED    HIGH    TIME      DIR
----------------------------------------------------------------------------------------------------------------------------------------------------------
01    13.6    14.7   17:30    12.6   07:12     04.7     00.0    23.0   01.7     27.8    01:19      S 
02    14.0    19.2   14:09    10.4   07:26     04.3     00.0    11.6   02.1     18.5    17:12     NNE
03    14.1    18.7   15:39    11.2   23:59     04.2     00.0    00.6   01.8     18.5    18:22      N 
04    15.2    21.3   14:40    10.4   06:14     03.1     00.0    00.0   02.0     24.1    16:05     NNE
05    13.1    16.3   14:04    11.2   04:45     05.2     00.0    02.2   02.4     18.5    14:55      S 
06    15.3    20.0   15:56    11.8   05:40     03.0     00.0    00.2   01.4     14.8    16:45     NNE
07    14.2    16.0   10:33    12.8   22:04     04.1     00.0    01.8   03.6     27.8    16:22      S 
08    15.9    21.1   16:09    12.6   23:59     02.4     00.0    00.0   02.1     18.5    18:22     NNE
09    15.7    22.7   15:22    09.9   06:27     02.6     00.0    00.0   02.2     24.1    16:39      N 
10    17.0    22.8   13:15    13.5   07:09     01.3     00.0    00.0   02.2     22.2    17:40     ESE
11    15.1    21.1   13:03    08.9   08:18     03.2     00.0    00.0   02.7     18.5    17:19     NNE
12    15.2    23.2   13:15    08.4   07:25     03.1     00.0    00.0   02.1     18.5    18:00      N 
13    15.4    23.8   15:32    07.7   07:47     02.9     00.0    00.0   01.4     11.1    17:28      N 
14    16.1    25.6   15:56    09.1   07:46     02.2     00.0    00.0   01.7     22.2    16:08      NE
15    15.1    22.2   16:21    09.4   06:42     03.2     00.0    00.0   02.0     18.5    20:53      NE
16    14.6    17.5   12:47    12.9   07:11     03.7     00.0    01.0   01.8     20.4    23:11     SSE
17    14.0    16.9   15:30    11.9   08:14     04.3     00.0    10.4   04.3     42.5    14:16      N 
18    12.8    18.3   12:03    09.5   07:51     05.5     00.0    06.8   01.7     18.5    12:05      NE
19    12.9    16.3   15:36    10.2   08:03     05.4     00.0    11.2   02.4     24.1    14:23     NNE
20    12.6    16.8   17:05    09.3   00:00     05.7     00.0    00.2   02.3     20.4    15:35     NNE
21    12.6    20.3   17:11    07.7   04:50     05.7     00.0    00.0   01.9     20.4    16:25     NNE
22    12.5    21.0   15:15    06.5   07:12     05.8     00.0    00.0   02.1     22.2    18:22      N 
23    11.4    13.8   18:02    09.2   23:58     06.9     00.0    08.8   01.4     18.5    01:17      N 
24    11.4    16.0   15:08    08.5   02:57     06.9     00.0    02.4   00.8     14.8    15:41      N 
25    13.0    16.2   16:32    10.8   05:37     05.3     00.0    01.6   00.8     18.5    17:47     NNE
26    15.2    18.9   16:49    12.6   03:26     03.1     00.0    00.0   01.5     22.2    17:53     ENE
27    13.6    18.6   12:34    08.9   23:59     04.7     00.0    00.0   02.6     18.5    16:52     NNE
28    10.5    16.8   15:52    05.8   06:34     07.8     00.0    00.0   01.0     07.4    22:55      N 
29    10.0    16.7   16:32    05.1   05:06     08.3     00.0    00.0   01.0     12.9    23:11      N 
30    10.4    16.2   15:38    05.9   04:51     07.9     00.0    00.0   01.3     16.6    17:47      N 
----------------------------------------------------------------------------------------------------------------------------------------------------------
13.7 (14.4)   25.6  day 14     05.1  day 29   136.9    000.0   081.8   01.9     42.6   day 17     NNE
Max >=  20: 12
Min <=   10: 16
Max Rain: 23.0 ON 1-09-16
Days of Rain: 14 (> .2mm) 8 (> 2mm) 1 (> 20mm)