MONTHLY CLIMATOLOGICAL SUMMARY for MAY. 2016

NAME: Nicks   CITY: Port Alberni STATE: B.C.
ELEV: 115 LAT: 49:15:06 LONG: 124:47:19

                            TEMPERATURE ( C), RAIN (mm), WIND SPEED (kmh)

                                               HEAT     COOL           AVG
      MEAN                                     DEG      DEG            WIND                       DOM
DAY   TEMP    HIGH   TIME     LOW    TIME      DAYS     DAYS    RAIN   SPEED    HIGH    TIME      DIR
----------------------------------------------------------------------------------------------------------------------------------------------------------
01    12.8    20.3   14:06    05.0   06:51     05.5     00.0    00.0   02.0     18.5    18:44      S 
02    17.4    27.6   14:35    09.1   06:29     00.9     00.0    00.4   02.9     27.8    19:39     SSW
03    13.7    17.2   14:46    11.0   00:00     04.6     00.0    03.6   03.3     29.6    17:56     SSE
04    13.1    18.3   14:27    00.0   02:29     05.2     00.0    00.0   03.7     22.2    16:00      S 
05    14.4    21.5   13:54    05.7   07:08     03.9     00.0    00.0   03.6     31.4    15:26     SSE
06    17.6    26.1   17:32    07.9   07:03     00.7     00.0    00.0   02.7     24.1    15:52      SE
07    17.5    28.2   14:23    09.4   07:11     00.8     00.0    00.0   02.8     33.3    15:10     SSE
08    14.5    20.3   13:18    09.6   04:41     03.8     00.0    00.0   04.0     24.1    19:12      NE
09    14.5    22.4   13:56    06.2   06:13     03.8     00.0    00.0   03.2     25.9    17:55      NE
10    16.3    26.0   14:01    06.7   06:32     02.0     00.0    00.0   02.2     20.4    18:21     SSW
11    15.4    21.8   15:56    10.2   06:38     02.9     00.0    00.0   02.6     37.0    17:01     SSE
12    15.4    23.8   14:11    07.6   06:27     02.9     00.0    00.0   02.1     18.5    16:07      NW
13    17.2    25.8   13:22    08.8   05:53     01.1     00.0    00.0   03.7     27.8    15:08      N 
14    15.9    21.2   13:17    11.5   00:00     02.4     00.0    00.2   02.2     16.6    18:57      N 
15    14.2    19.5   14:23    10.6   02:01     04.1     00.0    00.0   03.1     29.6    17:09     SSW
16    13.8    17.7   16:12    10.7   23:57     04.5     00.0    00.0   02.7     18.5    18:34     SSW
17    15.4    23.1   14:31    08.8   06:00     02.9     00.0    00.0   02.9     27.8    19:27      N 
18    13.4    16.9   14:09    09.4   23:50     04.9     00.0    05.8   03.9     29.6    18:28     NNE
19    11.8    16.7   15:51    08.7   06:34     06.5     00.0    04.2   01.9     18.5    16:24     ESE
20    13.8    18.7   17:57    09.9   03:34     04.5     00.0    00.2   03.3     24.1    19:09     NNE
21    14.1    22.7   12:55    06.9   06:19     04.2     00.0    00.0   04.6     37.0    18:53      S 
22    13.8    17.2   15:36    10.9   23:58     04.5     00.0    00.0   04.8     24.1    16:12     SSW
23    14.5    18.9   16:14    10.7   00:26     03.8     00.0    00.0   02.5     18.5    13:02      SW
24    15.9    21.2   14:36    12.0   03:56     02.4     00.0    00.0   02.1     18.5    19:55     NNW
25    15.0    20.7   13:52    11.2   02:31     03.3     00.0    00.0   03.6     31.4    18:01     SSW
26    13.8    19.2   13:04    10.7   01:43     04.5     00.0    00.0   06.1     44.4    17:24      S 
27    11.4    16.3   13:45    07.8   06:04     06.9     00.0    01.0   04.5     31.4    14:28     SSE
28    09.8    12.0   19:50    08.1   06:29     08.5     00.0    12.6   01.7     18.5    19:38      SE
29    13.3    19.7   14:01    08.6   01:36     05.0     00.0    00.2   02.8     27.8    17:26     SSW
30    14.8    22.1   14:20    06.8   06:04     03.5     00.0    00.0   02.1     18.5    17:17     NNE
31    17.4    24.9   15:10    09.9   05:42     00.9     00.0    00.0   02.0     18.5    18:37     NNE
----------------------------------------------------------------------------------------------------------------------------------------------------------
14.6 (14.8)   28.2  day 07     00.0  day 04   115.6    000.0   028.2   03.1     44.4   day 26      S 
Max >=  20: 18
Min <=   10: 21
Min <= 0: 1
Max Rain: 12.6 ON 28-05-16
Days of Rain: 9 (> .2mm) 4 (> 2mm) 0 (> 20mm)