MONTHLY CLIMATOLOGICAL SUMMARY for APR. 2016

NAME: Nicks   CITY: Port Alberni STATE: B.C.
ELEV: 115 LAT: 49:15:06 LONG: 124:47:19

                            TEMPERATURE ( C), RAIN (mm), WIND SPEED (kmh)

                                               HEAT     COOL           AVG
      MEAN                                     DEG      DEG            WIND                       DOM
DAY   TEMP    HIGH   TIME     LOW    TIME      DAYS     DAYS    RAIN   SPEED    HIGH    TIME      DIR
----------------------------------------------------------------------------------------------------------------------------------------------------------
01    11.3    18.6   14:38    06.0   06:21     07.0     00.0    00.0   02.0     18.5    18:42      S 
02    10.3    16.1   14:48    06.1   07:09     08.0     00.0    00.0   03.5     24.1    15:42     SSE
03    10.0    16.2   15:32    05.8   06:23     08.3     00.0    06.2   01.4     20.4    18:10      E 
04    09.5    13.2   12:49    07.2   22:18     08.8     00.0    01.4   07.4     42.5    03:12     ENE
05    09.0    12.4   14:53    06.4   05:21     09.3     00.0    02.0   05.4     35.1    15:06      SW
06    11.9    16.4   16:27    08.4   23:56     06.4     00.0    00.0   04.1     31.4    00:23     NNW
07    13.6    20.9   18:08    06.5   06:15     04.7     00.0    00.0   02.0     20.4    11:15      N 
08    13.6    21.1   16:36    07.7   06:24     04.7     00.0    00.0   02.1     18.5    18:18      W 
09    12.3    19.7   14:07    06.2   06:48     06.0     00.0    00.0   03.4     18.5    16:46     NNE
10    11.0    16.7   15:19    07.2   02:46     07.3     00.0    00.0   03.7     27.8    19:02     SSW
11    10.8    15.2   12:46    08.5   00:00     07.5     00.0    00.0   04.4     33.3    15:23      N 
12    08.2    11.9   15:21    06.3   00:00     10.1     00.0    21.2   05.1     31.4    20:50      S 
13    07.9    12.1   13:34    04.0   07:06     10.4     00.0    01.2   02.4     20.4    12:38     NNE
14    09.9    15.0   16:34    06.7   07:17     08.4     00.0    00.8   02.5     16.6    20:35     NNE
15    09.7    13.5   12:29    05.8   02:18     08.6     00.0    00.0   04.1     31.4    12:37      N 
16    09.3    11.3   19:03    07.6   06:40     09.0     00.0    01.2   00.6     07.4    10:39     ENE
17    12.7    19.3   16:09    07.9   03:29     05.6     00.0    00.0   01.9     18.5    16:03     NNE
18    16.2    27.2   15:44    08.2   06:52     02.1     00.0    00.0   02.1     24.1    15:28     SSW
19    16.9    24.7   16:14    09.3   06:43     01.4     00.0    00.0   01.4     14.8    13:00      N 
20    18.1    27.7   15:15    10.5   07:36     00.2     00.0    00.0   02.0     18.5    16:08      NE
21    14.7    18.5   16:04    11.6   07:25     03.6     00.0    00.0   02.3     31.4    01:25      S 
22    12.8    18.4   13:01    09.4   06:26     05.5     00.0    00.2   03.1     31.4    17:11      S 
23    12.3    15.6   13:31    08.6   00:00     06.0     00.0    01.0   05.1     29.6    13:00     SSW
24    08.9    12.1   11:46    06.2   06:50     09.4     00.0    00.8   01.8     18.5    11:39     SSE
25    09.6    15.8   15:06    05.8   02:13     08.7     00.0    00.0   03.2     29.6    17:50      S 
26    08.8    13.8   13:41    03.4   06:04     09.5     00.0    00.2   01.7     20.4    16:13     SSW
27    10.6    16.2   16:06    06.6   06:02     07.7     00.0    01.4   01.6     18.5    13:39     SSW
28    10.4    17.9   13:22    04.7   06:38     07.9     00.0    00.0   03.6     38.9    12:50      S 
29    12.3    19.3   14:22    06.4   06:18     06.0     00.0    00.0   02.4     18.5    15:30      S 
30    12.9    20.3   14:05    05.0   06:48     05.4     00.0    00.0   02.0     18.5    18:44     ESE
----------------------------------------------------------------------------------------------------------------------------------------------------------
11.5 (12.1)   27.7  day 20     03.4  day 26   203.5    000.0   037.6   02.9     42.6   day 04      S 
Max >=  19: 9
Min <=   10: 28
Max Rain: 21.2 ON 12-04-16
Days of Rain: 12 (> .2mm) 2 (> 2mm) 1 (> 20mm)