MONTHLY CLIMATOLOGICAL SUMMARY for MAR. 2017

NAME: Nicks   CITY: Port Alberni STATE: B.C.
ELEV: 115 LAT: 49:15:06 LONG: 124:47:19

                            TEMPERATURE ( C), RAIN (mm), WIND SPEED (kmh)

                                               HEAT     COOL           AVG
      MEAN                                     DEG      DEG            WIND                       DOM
DAY   TEMP    HIGH   TIME     LOW    TIME      DAYS     DAYS    RAIN   SPEED    HIGH    TIME      DIR
----------------------------------------------------------------------------------------------------------------------------------------------------------
01    04.9    07.6   13:32    02.3   07:13     13.4     00.0    00.2   02.9     31.4    03:34     SSW
02    04.5    06.8   13:03    02.8   23:31     13.8     00.0    28.4   03.6     37.0    12:35      S 
03    04.0    06.9   11:12    01.0   23:59     14.3     00.0    05.2   05.8     42.5    03:13      S 
04    02.0    07.1   13:40   -01.1   03:11     16.3     00.0    00.0   02.5     25.9    15:04     NNE
05    02.3    05.1   13:18    00.4   07:16     16.0     00.0    01.2   02.2     18.5    13:49      NE
06    01.0    05.6   13:59   -02.3   07:04     17.3     00.0    02.2   02.0     25.9    17:14     SSE
07    01.1    03.4   16:51   -00.7   04:08     17.2     00.0    09.2   00.7     16.6    21:25     ESE
08    01.1    04.4   15:17   -01.3   05:00     17.2     00.0    02.0   02.3     25.9    16:43     SSE
09    00.4    01.9   13:07   -00.5   07:30     17.9     00.0    01.0   00.7     05.5    15:05      N 
10    02.9    06.7   14:48    00.3   02:01     15.4     00.0    20.0   03.0     29.6    09:47     WNW
11    02.4    06.7   23:43    01.0   12:11     15.9     00.0    20.0   01.9     31.4    22:01      SE
12    06.4    09.4   13:38    03.2   08:04     11.9     00.0    14.0   02.2     25.9    00:59      SE
13    07.2    10.4   16:45    04.6   08:41     11.1     00.0    10.0   00.6     07.4    08:05     NNE
14    08.3    11.6   13:41    06.3   09:41     10.0     00.0    09.8   04.6     33.3    17:59      S 
15    05.1    09.7   14:16    02.9   04:05     13.2     00.0    08.2   01.2     25.9    23:44      S 
16    04.6    07.3   14:50    03.2   02:49     13.7     00.0    17.6   05.7     31.4    19:55      S 
17    04.8    07.8   14:47    02.9   07:37     13.5     00.0    08.0   01.2     14.8    15:28     WNW
18    04.3    10.3   14:18    01.3   23:58     14.0     00.0    03.6   03.5     31.4    14:55     SSW
19    02.8    08.4   16:18    00.3   03:40     15.5     00.0    00.0   02.3     22.2    17:28      NE
20    04.2    09.9   12:44   -00.9   04:25     14.1     00.0    00.0   03.0     25.9    14:33     NNE
21    06.3    08.2   18:54    04.6   07:48     12.0     00.0    12.8   00.7     09.3    03:31     NNW
22    07.0    09.2   14:03    04.7   21:27     11.3     00.0    28.2   04.8     37.0    21:44      S 
23    05.6    08.9   14:30    03.3   03:37     12.7     00.0    08.2   01.6     27.8    00:27      E 
24    05.7    07.9   16:11    04.0   08:09     12.6     00.0    29.8   02.0     29.6    18:33      SE
25    04.9    09.2   14:08    01.8   07:52     13.4     00.0    00.4   03.2     31.4    14:40     SSE
26    04.3    05.4   15:41    03.2   05:06     14.0     00.0    08.6   00.9     11.1    14:04      NE
27    06.0    09.3   13:03    03.5   05:13     12.3     00.0    07.2   05.0     38.9    15:58      S 
28    07.6    11.0   18:04    04.9   08:57     10.7     00.0    26.4   03.2     38.9    05:46     SSE
29    07.9    10.4   14:41    06.1   23:59     10.4     00.0    17.6   03.1     40.7    16:44      S 
30    07.6    14.2   13:41    01.9   06:44     10.7     00.0    00.0   01.7     16.6    16:40      S 
31    07.2    10.5   14:28    04.7   02:01     11.1     00.0    02.6   01.7     18.5    18:16     SSW
----------------------------------------------------------------------------------------------------------------------------------------------------------
04.7 (5.2)   14.2  day 30    -02.3  day 06   422.7    000.0   302.6   02.6     42.6   day 29      S 
Min <=   10: 31
Min <= 0: 6
Max Rain: 29.8 ON 24-03-17
Days of Rain: 27 (> .2mm) 22 (> 2mm) 4 (> 20mm)