MONTHLY CLIMATOLOGICAL SUMMARY for FEB. 2017

NAME: Nicks   CITY: Port Alberni STATE: B.C.
ELEV: 115 LAT: 49:15:06 LONG: 124:47:19

                            TEMPERATURE ( C), RAIN (mm), WIND SPEED (kmh)

                                               HEAT     COOL           AVG
      MEAN                                     DEG      DEG            WIND                       DOM
DAY   TEMP    HIGH   TIME     LOW    TIME      DAYS     DAYS    RAIN   SPEED    HIGH    TIME      DIR
----------------------------------------------------------------------------------------------------------------------------------------------------------
01    00.1    03.9   12:32   -03.8   03:56     18.2     00.0    00.0   05.3     35.1    15:24     NNE
02    01.6    05.6   12:36   -00.8   23:26     16.7     00.0    00.0   06.1     35.1    14:37     NNE
03    00.0    00.7   13:24   -01.1   02:07     18.3     00.0    00.0   01.5     20.4    14:02      N 
04    00.6    02.0   12:53   -00.1   03:57     17.7     00.0    02.0   00.6     25.9    23:35     NNW
05    00.5    02.2   13:09   -00.4   21:12     17.8     00.0    04.8   01.3     18.5    00:23      NE
06   -01.8   -00.3   00:03   -03.1   21:39     20.1     00.0    00.0   03.5     22.2    14:52     NNE
07   -01.2    02.1   11:58   -03.3   22:34     19.5     00.0    01.6   01.7     22.2    11:49      NE
08   -00.9    00.5   11:59   -02.7   00:24     19.2     00.0    00.0   02.8     22.2    15:55      N 
09    01.0    05.2   22:55   -00.3   00:07     17.3     00.0    21.6   02.5     44.4    22:52     ESE
10    03.4    05.2   15:17    00.2   00:00     14.9     00.0    26.2   04.5     37.0    03:05     SSE
11    01.5    05.1   12:15   -01.5   07:15     16.8     00.0    00.2   00.8     07.4    15:03     SSW
12    02.2    04.9   14:56    00.9   22:52     16.1     00.0    00.2   00.7     05.5    21:53     WSW
13    01.5    04.8   15:39   -00.1   23:38     16.8     00.0    00.0   00.9     05.5    21:26      NE
14    02.0    03.8   23:28   -00.1   00:09     16.3     00.0    24.2   00.7     09.3    16:41      S 
15    06.5    11.0   21:18    03.2   03:35     11.8     00.0    33.0   03.7     62.9    21:01     SSW
16    07.3    10.0   00:01    05.6   18:51     11.0     00.0    10.8   07.9     50.0    01:19      S 
17    04.1    06.6   15:59    01.7   23:59     14.2     00.0    00.6   01.3     14.8    03:59      E 
18    02.8    06.8   16:40    00.1   05:36     15.5     00.0    00.2   00.6     07.4    14:33      NE
19    03.7    05.3   13:40    02.7   23:59     14.6     00.0    04.6   00.6     05.5    23:58      W 
20    02.9    06.3   16:09    01.2   22:04     15.4     00.0    00.0   00.9     07.4    08:17     NNE
21    02.9    06.6   15:02    00.2   00:00     15.4     00.0    00.0   01.4     20.4    18:17     WNW
22    01.7    06.8   14:55   -01.3   00:00     16.6     00.0    00.0   01.7     18.5    17:24     ENE
23    01.0    06.3   16:05   -02.5   08:08     17.3     00.0    00.0   01.6     18.5    22:00     ESE
24    01.4    05.4   13:43   -01.5   00:00     16.9     00.0    00.0   02.0     18.5    12:57      N 
25    00.6    06.3   15:01   -02.8   07:53     17.7     00.0    00.2   02.2     25.9    15:11     SSE
26    01.8    06.3   12:49   -01.7   22:57     16.5     00.0    03.8   03.0     24.1    14:31     ENE
27    00.4    04.5   13:35   -02.1   00:00     17.9     00.0    00.0   01.5     24.1    14:54     ENE
28    00.9    06.2   14:18   -03.6   05:15     17.4     00.0    01.2   02.8     29.6    21:55     SSW
----------------------------------------------------------------------------------------------------------------------------------------------------------
01.7 (2.2)   11.0  day 15    -03.8  day 01   463.5    000.0   135.2   02.3     62.9   day 15     ENE
Max <=   0: 1
Min <=   10: 28
Min <= 0: 19
Max Rain: 33.0 ON 15-02-17
Days of Rain: 16 (> .2mm) 8 (> 2mm) 4 (> 20mm)