MONTHLY CLIMATOLOGICAL SUMMARY for DEC. 2016

NAME: Nicks   CITY: Port Alberni STATE: B.C.
ELEV: 115 LAT: 49:15:06 LONG: 124:47:19

                            TEMPERATURE ( C), RAIN (mm), WIND SPEED (kmh)

                                               HEAT     COOL           AVG
      MEAN                                     DEG      DEG            WIND                       DOM
DAY   TEMP    HIGH   TIME     LOW    TIME      DAYS     DAYS    RAIN   SPEED    HIGH    TIME      DIR
----------------------------------------------------------------------------------------------------------------------------------------------------------
01    03.3    04.2   15:28    01.9   06:53     15.0     00.0    01.0   00.4     07.4    08:16      SE
02    07.1    10.8   12:16    03.9   00:01     11.2     00.0    12.0   04.9     48.1    10:56      S 
03    05.2    07.6   11:49    02.6   00:00     13.1     00.0    00.4   02.8     29.6    12:33      S 
04    01.2    02.6   00:01   -00.6   08:28     17.1     00.0    00.0   00.9     09.3    00:27     ESE
05    01.1    03.1   13:15    00.3   17:46     17.2     00.0    01.4   00.5     07.4    12:57     ESE
06   -00.5    01.5   12:02   -02.9   23:39     18.8     00.0    01.4   00.9     11.1    16:08     ESE
07   -02.1    00.3   12:04   -03.8   07:47     20.4     00.0    00.0   04.3     29.6    21:25      N 
08   -01.8    02.2   23:04   -04.1   09:00     20.1     00.0    00.2   04.3     42.5    23:09      N 
09   -00.5    00.5   14:13   -01.3   08:22     18.8     00.0    00.0   00.4     14.8    00:15      NE
10    00.1    00.8   14:33   -00.5   06:42     18.2     00.0    00.0   00.0     05.5    21:15      NE
11    00.8    01.6   13:56    00.3   03:18     17.5     00.0    06.6   00.1     05.5    23:20      NE
12    00.6    02.2   13:56   -00.7   22:31     17.7     00.0    04.4   00.5     05.5    23:57     ESE
13   -01.0    01.7   14:22   -03.5   23:47     19.3     00.0    01.2   00.9     07.4    17:06     ENE
14   -03.1   -00.9   15:24   -04.3   19:59     21.4     00.0    00.0   01.2     14.8    15:10      NE
15   -04.8   -03.8   14:09   -05.6   23:12     23.1     00.0    00.0   01.5     05.5    23:36      NE
16   -05.4   -04.4   14:24   -06.2   19:01     23.7     00.0    00.0   01.1     05.5    23:24      NE
17   -03.9   -02.2   13:03   -04.8   02:17     22.2     00.0    00.0   00.5     05.5    21:05     ENE
18   -00.6    03.8   22:22   -03.3   00:03     18.9     00.0    17.6   02.5     48.1    22:59     ESE
19    01.8    03.7   01:08    00.2   07:55     16.5     00.0    22.2   02.2     42.5    00:01      E 
20    02.6    06.2   14:41    00.5   23:59     15.7     00.0    04.2   03.4     35.1    10:22     SSE
21    01.6    03.9   14:17    00.3   03:54     16.7     00.0    00.4   00.9     11.1    21:23      S 
22    01.9    03.4   14:22    00.1   02:41     16.4     00.0    08.2   01.2     14.8    03:33     ENE
23    00.8    01.8   13:04   -00.3   00:00     17.5     00.0    00.2   00.6     05.5    23:59      NE
24   -00.9   -00.1   16:24   -01.9   19:17     19.2     00.0    00.0   01.2     07.4    23:45      NE
25   -01.6   -00.9   15:24   -02.5   08:18     19.9     00.0    00.0   01.1     11.1    05:25      NE
26   -00.0    00.9   16:36   -01.2   00:24     18.3     00.0    16.0   01.1     12.9    16:25     ENE
27    01.4    03.0   15:36   -00.1   07:42     16.9     00.0    07.6   02.3     24.1    17:20      S 
28    01.5    02.8   12:28    00.1   00:58     16.8     00.0    07.2   00.8     14.8    07:19     ENE
29    01.2    01.8   15:51    00.3   23:55     17.1     00.0    20.0   00.8     07.4    07:39      E 
30    00.0    00.5   06:02   -01.0   23:59     18.3     00.0    00.2   00.7     07.4    14:13      N 
31   -00.9   -00.1   15:38   -01.6   08:21     19.2     00.0    00.2   01.1     12.9    14:29     NNE
----------------------------------------------------------------------------------------------------------------------------------------------------------
00.2 (0.3)   10.8  day 02    -06.2  day 16   562.3    000.0   132.8   01.5     48.1   day 18      E 
Max <=   0: 7
Min <=   10: 31
Min <= 0: 20
Min <=  -5: 2
Max Rain: 22.2 ON 19-12-17
Days of Rain: 21 (> .2mm) 11 (> 2mm) 1 (> 20mm)