MONTHLY CLIMATOLOGICAL SUMMARY for JAN. 2017

NAME: Nicks   CITY: Port Alberni STATE: B.C.
ELEV: 115 LAT: 49:15:06 LONG: 124:47:19

                            TEMPERATURE ( C), RAIN (mm), WIND SPEED (kmh)

                                               HEAT     COOL           AVG
      MEAN                                     DEG      DEG            WIND                       DOM
DAY   TEMP    HIGH   TIME     LOW    TIME      DAYS     DAYS    RAIN   SPEED    HIGH    TIME      DIR
----------------------------------------------------------------------------------------------------------------------------------------------------------
01   -00.8    02.6   12:14   -02.3   23:54     19.1     00.0    00.2   04.5     31.4    13:29     NNE
02   -02.6    00.9   12:01   -05.2   23:59     20.9     00.0    00.0   03.8     25.9    14:11      NE
03   -04.0   -00.2   14:09   -07.7   08:43     22.3     00.0    00.0   04.3     27.8    23:43     NNE
04   -02.6    00.2   12:18   -04.8   09:00     20.9     00.0    00.0   02.9     27.8    05:15      NE
05   -04.0   -01.7   23:59   -06.2   03:53     22.3     00.0    00.0   00.3     05.5    23:47     ENE
06    00.5    02.7   17:02   -01.7   00:01     17.8     00.0    05.0   01.2     18.5    17:49      SE
07   -00.4    01.5   14:50   -02.6   08:02     18.7     00.0    00.6   01.2     12.9    17:13     ESE
08    00.8    01.7   12:02    00.2   03:23     17.5     00.0    05.6   01.2     16.6    00:16     WSW
09    01.3    02.8   15:40    00.2   00:00     17.0     00.0    06.4   00.8     22.2    04:49     ESE
10   -00.1    01.7   14:35   -01.5   00:00     18.4     00.0    00.2   03.2     29.6    15:08      NE
11   -03.6   -00.1   12:20   -06.2   08:41     21.9     00.0    00.0   01.3     16.6    02:12     ENE
12   -05.2   -04.1   14:26   -06.7   02:15     23.5     00.0    00.0   00.7     07.4    09:42     NNE
13   -02.6    00.1   15:21   -04.9   01:19     20.9     00.0    00.0   00.6     05.5    21:19     NNE
14   -02.7   -01.7   14:49   -03.7   09:07     21.0     00.0    00.0   01.0     12.9    05:18     NNE
15   -00.7    01.9   14:41   -02.9   02:47     19.0     00.0    00.0   00.6     05.5    23:32     ESE
16    01.4    02.5   14:21    00.2   01:06     16.9     00.0    08.6   00.6     20.4    19:48      E 
17    06.7    10.6   13:16    02.0   00:57     11.6     00.0    59.6   04.6     55.5    23:20      S 
18    08.0    10.4   11:39    05.2   23:34     10.3     00.0    21.2   05.7     55.5    12:35     SSE
19    05.5    07.2   13:22    03.7   00:00     12.8     00.0    07.0   00.7     18.5    01:51      SE
20    04.2    06.7   14:41    02.7   08:11     14.1     00.0    00.2   00.9     14.8    15:42     ENE
21    04.6    06.6   15:05    03.4   08:21     13.7     00.0    01.0   00.2     07.4    12:27     ESE
22    04.0    06.1   14:01    02.2   23:45     14.3     00.0    00.2   01.0     14.8    10:59      SE
23    01.4    02.5   15:30    00.1   23:59     16.9     00.0    00.0   00.9     05.5    23:54      N 
24    00.4    01.4   14:37   -00.4   09:23     17.9     00.0    00.0   00.6     07.4    13:55     NNE
25    02.0    04.8   15:29    00.7   00:50     16.3     00.0    00.0   00.2     05.5    18:52     ENE
26    03.2    05.7   15:24    00.8   00:02     15.1     00.0    00.4   00.4     05.5    17:37      NE
27    04.3    05.7   14:54    03.4   06:55     14.0     00.0    00.0   00.5     07.4    15:21      NE
28    03.8    07.1   20:40    02.1   08:46     14.5     00.0    00.0   01.5     24.1    20:14      E 
29    07.2    10.1   12:34    04.3   20:54     11.1     00.0    10.4   06.2     51.8    13:04      S 
30    02.9    05.6   13:41   -00.3   22:23     15.4     00.0    00.4   01.3     16.6    15:56      E 
31   -00.5    03.7   15:08   -02.6   23:55     18.8     00.0    00.0   02.6     29.6    13:53      NE
----------------------------------------------------------------------------------------------------------------------------------------------------------
01.0 (1.2)   10.6  day 17    -07.7  day 03   535.0    000.0   127.0   01.8     55.5   day 18     ENE
Max <=   0: 5
Min <=   10: 31
Min <= 0: 16
Min <=  -5: 5
Max Rain: 59.6 ON 17-01-17
Days of Rain: 16 (> .2mm) 8 (> 2mm) 2 (> 20mm)