MONTHLY CLIMATOLOGICAL SUMMARY for NOV. 2016

NAME: Nicks   CITY: Port Alberni STATE: B.C.
ELEV: 115 LAT: 49:15:06 LONG: 124:47:19

                            TEMPERATURE ( C), RAIN (mm), WIND SPEED (kmh)

                                               HEAT     COOL           AVG
      MEAN                                     DEG      DEG            WIND                       DOM
DAY   TEMP    HIGH   TIME     LOW    TIME      DAYS     DAYS    RAIN   SPEED    HIGH    TIME      DIR
----------------------------------------------------------------------------------------------------------------------------------------------------------
01    08.6    10.2   14:24    07.3   02:07     09.7     00.0    27.2   01.2     24.1    15:44      SE
02    10.2    11.6   17:41    09.4   22:40     08.1     00.0    65.6   03.0     46.3    19:54     SSE
03    10.9    13.5   14:27    07.4   00:00     07.4     00.0    18.4   06.3     53.6    11:02      S 
04    09.1    14.1   15:48    06.9   08:34     09.2     00.0    20.8   01.8     33.3    16:31      SE
05    10.7    12.4   02:02    07.6   00:00     07.6     00.0    14.6   03.7     55.5    02:27      S 
06    09.3    11.9   14:09    07.6   00:03     09.0     00.0    08.0   00.9     16.6    14:57      SE
07    11.1    13.8   22:06    08.9   04:00     07.2     00.0    29.0   01.7     29.6    20:31      NE
08    14.5    15.5   13:22    13.3   00:01     03.8     00.0    38.8   07.8     42.5    13:09      S 
09    11.5    13.7   14:18    09.4   23:11     06.8     00.0    00.6   00.8     12.9    00:08      S 
10    10.2    11.5   15:27    08.9   03:19     08.1     00.0    00.0   00.8     12.9    20:37     NNW
11    10.2    10.9   11:36    09.7   07:57     08.1     00.0    09.2   00.4     07.4    15:18     NNE
12    10.7    13.1   11:04    08.9   20:26     07.6     00.0    09.0   04.1     40.7    11:15     SSE
13    09.1    09.9   19:40    07.5   00:00     09.2     00.0    28.4   01.5     22.2    19:40      N 
14    07.7    09.1   13:44    06.1   03:19     10.6     00.0    00.2   00.6     07.4    16:05     ENE
15    06.8    08.7   14:20    03.3   00:00     11.5     00.0    02.8   00.6     12.9    17:51      NE
16    04.9    07.2   13:01    02.7   01:20     13.4     00.0    00.2   00.6     07.4    14:32     ENE
17    05.4    07.3   15:50    04.4   09:32     12.9     00.0    03.8   00.2     05.5    17:58     ENE
18    05.0    08.1   21:04    03.1   07:53     13.3     00.0    00.2   02.2     22.2    20:23     ESE
19    05.3    06.1   00:51    04.6   08:53     13.0     00.0    17.4   00.8     07.4    05:20      NE
20    07.9    10.1   15:26    05.4   00:27     10.4     00.0    16.0   05.2     50.0    18:59     SSE
21    07.9    11.4   12:08    05.4   19:10     10.4     00.0    00.2   04.1     40.7    17:23      S 
22    06.0    08.7   02:45    04.7   00:00     12.3     00.0    31.2   01.7     18.5    02:21      NE
23    04.8    05.6   23:21    03.9   11:22     13.5     00.0    24.8   01.0     29.6    22:58      E 
24    03.8    10.5   18:07    01.4   23:53     14.5     00.0    24.8   01.7     18.5    17:47     NNE
25    02.5    03.3   15:28    01.1   02:31     15.8     00.0    06.4   00.5     05.5    22:08     ENE
26    02.8    03.7   13:38    01.1   07:09     15.5     00.0    11.6   00.5     11.1    01:52      N 
27    02.8    04.3   14:48    01.8   22:22     15.5     00.0    10.0   01.1     20.4    16:40      E 
28    01.9    02.6   16:08    01.2   09:31     16.4     00.0    00.2   01.4     07.4    05:55     NNE
29    03.1    04.6   23:32    01.3   00:29     15.2     00.0    02.0   00.4     05.5    23:58      E 
30    04.8    06.8   13:42    03.6   23:58     13.5     00.0    01.8   00.8     09.3    04:23      E 
----------------------------------------------------------------------------------------------------------------------------------------------------------
07.3 (7.5)   15.5  day 08     01.1  day 26   329.2    000.0   423.2   01.9     55.5   day 02      SE
Min <=   10: 29
Max Rain: 65.6 ON 2-11-16
Days of Rain: 29 (> .2mm) 21 (> 2mm) 9 (> 20mm)